Last updated on 2024-05-07 06:55:58 CEST.
Flavor | Version | Tinstall | Tcheck | Ttotal | Status | Flags |
---|---|---|---|---|---|---|
r-devel-linux-x86_64-debian-clang | 0.5.1 | 11.91 | 59.81 | 71.72 | OK | |
r-devel-linux-x86_64-debian-gcc | 0.5.1 | 6.51 | 43.72 | 50.23 | OK | |
r-devel-linux-x86_64-fedora-clang | 0.5.1 | 87.58 | NOTE | |||
r-devel-linux-x86_64-fedora-gcc | 0.5.1 | 121.31 | NOTE | |||
r-devel-windows-x86_64 | 0.5.1 | 10.00 | 63.00 | 73.00 | OK | |
r-patched-linux-x86_64 | 0.5.1 | 8.56 | 56.67 | 65.23 | OK | |
r-release-linux-x86_64 | 0.5.1 | 6.03 | 55.41 | 61.44 | OK | |
r-release-macos-arm64 | 0.5.1 | 43.00 | OK | |||
r-release-windows-x86_64 | 0.5.1 | 9.00 | 63.00 | 72.00 | OK | |
r-oldrel-macos-arm64 | 0.5.1 | 35.00 | OK | |||
r-oldrel-macos-x86_64 | 0.5.1 | 51.00 | OK | |||
r-oldrel-windows-x86_64 | 0.5.1 | 11.00 | 67.00 | 78.00 | OK |
Version: 0.5.1
Check: data for non-ASCII characters
Result: NOTE
Note: found 15 marked UTF-8 strings
Flavors: r-devel-linux-x86_64-fedora-clang, r-devel-linux-x86_64-fedora-gcc