Last updated on 2024-03-28 06:01:31 CET.
Flavor | Version | Tinstall | Tcheck | Ttotal | Status | Flags |
---|---|---|---|---|---|---|
r-devel-linux-x86_64-debian-clang | 0.1.6 | 5.72 | 38.28 | 44.00 | OK | |
r-devel-linux-x86_64-debian-gcc | 0.1.6 | 5.22 | 28.77 | 33.99 | OK | |
r-devel-linux-x86_64-fedora-clang | 0.1.6 | 56.77 | NOTE | |||
r-devel-linux-x86_64-fedora-gcc | 0.1.6 | 55.27 | OK | |||
r-devel-windows-x86_64 | 0.1.6 | 8.00 | 59.00 | 67.00 | OK | |
r-patched-linux-x86_64 | 0.1.6 | 7.06 | 38.28 | 45.34 | OK | |
r-release-linux-x86_64 | 0.1.6 | 5.44 | 37.16 | 42.60 | OK | |
r-release-macos-arm64 | 0.1.6 | 23.00 | OK | |||
r-release-macos-x86_64 | 0.1.6 | 52.00 | OK | |||
r-release-windows-x86_64 | 0.1.6 | 7.00 | 64.00 | 71.00 | OK | |
r-oldrel-macos-arm64 | 0.1.6 | 26.00 | OK | |||
r-oldrel-windows-x86_64 | 0.1.6 | 8.00 | 64.00 | 72.00 | OK |
Version: 0.1.6
Check: Rd cross-references
Result: NOTE
Undeclared package ‘mev’ in Rd xrefs
Flavor: r-devel-linux-x86_64-fedora-clang