Last updated on 2024-03-28 06:01:31 CET.
Flavor | Version | Tinstall | Tcheck | Ttotal | Status | Flags |
---|---|---|---|---|---|---|
r-devel-linux-x86_64-debian-clang | 4.2.1 | 106.14 | 195.65 | 301.79 | NOTE | |
r-devel-linux-x86_64-debian-gcc | 4.2.1 | 75.87 | 137.96 | 213.83 | NOTE | |
r-devel-linux-x86_64-fedora-clang | 4.2.1 | 397.70 | NOTE | |||
r-devel-linux-x86_64-fedora-gcc | 4.2.1 | 374.49 | NOTE | |||
r-devel-windows-x86_64 | 4.2.1 | 80.00 | 183.00 | 263.00 | NOTE | |
r-patched-linux-x86_64 | 4.2.1 | 95.00 | 182.30 | 277.30 | NOTE | |
r-release-linux-x86_64 | 4.2.1 | 94.97 | 188.50 | 283.47 | NOTE | |
r-release-macos-arm64 | 4.2.1 | 94.00 | NOTE | |||
r-release-macos-x86_64 | 4.2.1 | 174.00 | NOTE | |||
r-release-windows-x86_64 | 4.2.1 | 77.00 | 221.00 | 298.00 | NOTE | |
r-oldrel-macos-arm64 | 4.2.1 | 86.00 | NOTE | |||
r-oldrel-windows-x86_64 | 4.2.1 | 99.00 | 211.00 | 310.00 | OK |
Version: 4.2.1
Check: C++ specification
Result: NOTE
Specified C++11: please drop specification unless essential
Flavors: r-devel-linux-x86_64-debian-clang, r-devel-linux-x86_64-debian-gcc, r-devel-linux-x86_64-fedora-clang, r-devel-linux-x86_64-fedora-gcc, r-devel-windows-x86_64, r-patched-linux-x86_64, r-release-linux-x86_64, r-release-macos-arm64, r-release-macos-x86_64, r-release-windows-x86_64
Version: 4.2.1
Check: Rd files
Result: NOTE
checkRd: (-1) cv.glm1path.Rd:74: Lost braces
74 | \code{\link{glm1path}}, \\code{\link{glm1}}, \code{\link{glm}}, \code{\link{family}}
| ^
Flavors: r-devel-linux-x86_64-debian-clang, r-devel-linux-x86_64-debian-gcc, r-devel-linux-x86_64-fedora-clang, r-devel-linux-x86_64-fedora-gcc, r-devel-windows-x86_64
Version: 4.2.1
Check: installed package size
Result: NOTE
installed size is 6.6Mb
sub-directories of 1Mb or more:
libs 5.5Mb
Flavors: r-release-macos-arm64, r-release-macos-x86_64, r-oldrel-macos-arm64