Last updated on 2024-05-07 18:49:53 CEST.
Flavor | Version | Tinstall | Tcheck | Ttotal | Status | Flags |
---|---|---|---|---|---|---|
r-devel-linux-x86_64-debian-clang | 0.0.1 | 11.37 | 84.78 | 96.15 | OK | |
r-devel-linux-x86_64-debian-gcc | 0.0.1 | 10.80 | 67.27 | 78.07 | OK | |
r-devel-linux-x86_64-fedora-clang | 0.0.1 | 123.12 | OK | |||
r-devel-linux-x86_64-fedora-gcc | 0.0.1 | 150.14 | OK | |||
r-devel-windows-x86_64 | 0.0.1 | 25.00 | 101.00 | 126.00 | OK | |
r-patched-linux-x86_64 | 0.0.1 | 10.55 | 82.81 | 93.36 | OK | |
r-release-linux-x86_64 | 0.0.1 | 10.39 | 82.03 | 92.42 | OK | |
r-release-macos-arm64 | 0.0.1 | 54.00 | NOTE | |||
r-release-windows-x86_64 | 0.0.1 | 25.00 | 103.00 | 128.00 | OK | |
r-oldrel-macos-arm64 | 0.0.1 | 62.00 | NOTE | |||
r-oldrel-macos-x86_64 | 0.0.1 | 120.00 | NOTE | |||
r-oldrel-windows-x86_64 | 0.0.1 | 31.00 | 113.00 | 144.00 | OK |
Version: 0.0.1
Check: installed package size
Result: NOTE
installed size is 6.0Mb
sub-directories of 1Mb or more:
data 5.7Mb
Flavors: r-release-macos-arm64, r-oldrel-macos-arm64, r-oldrel-macos-x86_64