Last updated on 2024-05-07 06:55:58 CEST.
Flavor | Version | Tinstall | Tcheck | Ttotal | Status | Flags |
---|---|---|---|---|---|---|
r-devel-linux-x86_64-debian-clang | 1.4.0 | 23.28 | 90.47 | 113.75 | NOTE | |
r-devel-linux-x86_64-debian-gcc | 1.4.0 | 14.84 | 62.48 | 77.32 | NOTE | |
r-devel-linux-x86_64-fedora-clang | 1.4.0 | 137.57 | NOTE | |||
r-devel-linux-x86_64-fedora-gcc | 1.4.0 | 141.50 | NOTE | |||
r-devel-windows-x86_64 | 1.4.0 | 16.00 | 88.00 | 104.00 | NOTE | |
r-patched-linux-x86_64 | 1.4.0 | 18.61 | 82.31 | 100.92 | NOTE | |
r-release-linux-x86_64 | 1.4.0 | 16.55 | 82.15 | 98.70 | NOTE | |
r-release-macos-arm64 | 1.4.0 | 39.00 | NOTE | |||
r-release-windows-x86_64 | 1.4.0 | 15.00 | 82.00 | 97.00 | NOTE | |
r-oldrel-macos-arm64 | 1.4.0 | 53.00 | OK | |||
r-oldrel-macos-x86_64 | 1.4.0 | 118.00 | OK | |||
r-oldrel-windows-x86_64 | 1.4.0 | 20.00 | 91.00 | 111.00 | OK |
Version: 1.4.0
Check: Rd files
Result: NOTE
checkRd: (-1) mzipmed_data.Rd:22: Lost braces; missing escapes or markup?
22 | @source {Simulated to serve as an example}
| ^
Flavors: r-devel-linux-x86_64-debian-clang, r-devel-linux-x86_64-debian-gcc, r-devel-linux-x86_64-fedora-clang, r-devel-linux-x86_64-fedora-gcc, r-devel-windows-x86_64, r-patched-linux-x86_64, r-release-linux-x86_64, r-release-macos-arm64, r-release-windows-x86_64