Last updated on 2024-03-28 17:49:35 CET.
Flavor | Version | Tinstall | Tcheck | Ttotal | Status | Flags |
---|---|---|---|---|---|---|
r-devel-linux-x86_64-debian-clang | 1.8.24 | 18.32 | 179.68 | 198.00 | OK | |
r-devel-linux-x86_64-debian-gcc | 1.8.24 | 15.55 | 134.74 | 150.29 | OK | |
r-devel-linux-x86_64-fedora-clang | 1.8.24 | 245.44 | NOTE | |||
r-devel-linux-x86_64-fedora-gcc | 1.8.24 | 249.46 | NOTE | |||
r-devel-windows-x86_64 | 1.8.24 | 16.00 | 170.00 | 186.00 | OK | |
r-patched-linux-x86_64 | 1.8.24 | 27.58 | 169.53 | 197.11 | OK | |
r-release-linux-x86_64 | 1.8.24 | 11.58 | 170.33 | 181.91 | OK | |
r-release-macos-arm64 | 1.8.24 | 119.00 | OK | |||
r-release-macos-x86_64 | 1.8.24 | 154.00 | OK | |||
r-release-windows-x86_64 | 1.8.24 | 23.00 | 204.00 | 227.00 | OK | |
r-oldrel-macos-arm64 | 1.8.24 | 86.00 | OK | |||
r-oldrel-windows-x86_64 | 1.8.24 | 24.00 | 178.00 | 202.00 | OK |
Version: 1.8.24
Check: for detritus in the temp directory
Result: NOTE
Found the following files/directories:
‘Crashpad’
Flavors: r-devel-linux-x86_64-fedora-clang, r-devel-linux-x86_64-fedora-gcc