Last updated on 2024-04-18 18:57:50 CEST.
Flavor | Version | Tinstall | Tcheck | Ttotal | Status | Flags |
---|---|---|---|---|---|---|
r-devel-linux-x86_64-debian-clang | 0.3.0 | 18.11 | 103.85 | 121.96 | NOTE | |
r-devel-linux-x86_64-debian-gcc | 0.3.0 | 12.85 | 76.09 | 88.94 | NOTE | |
r-devel-linux-x86_64-fedora-clang | 0.3.0 | 159.81 | NOTE | |||
r-devel-linux-x86_64-fedora-gcc | 0.3.0 | 165.57 | NOTE | |||
r-prerel-macos-arm64 | 0.3.0 | 49.00 | NOTE | |||
r-prerel-windows-x86_64 | 0.3.0 | 13.00 | 85.00 | 98.00 | NOTE | |
r-patched-linux-x86_64 | 0.3.0 | 13.35 | 97.04 | 110.39 | NOTE | |
r-release-linux-x86_64 | 0.3.0 | 9.69 | 99.76 | 109.45 | NOTE | |
r-release-macos-arm64 | 0.3.0 | 55.00 | NOTE | |||
r-release-macos-x86_64 | 0.3.0 | 70.00 | NOTE | |||
r-release-windows-x86_64 | 0.3.0 | 18.00 | 107.00 | 125.00 | NOTE | |
r-oldrel-macos-arm64 | 0.3.0 | 44.00 | NOTE | |||
r-oldrel-windows-x86_64 | 0.3.0 | 20.00 | 110.00 | 130.00 | NOTE |
Version: 0.3.0
Check: LazyData
Result: NOTE
'LazyData' is specified without a 'data' directory
Flavors: r-devel-linux-x86_64-debian-clang, r-devel-linux-x86_64-debian-gcc, r-devel-linux-x86_64-fedora-clang, r-devel-linux-x86_64-fedora-gcc, r-prerel-macos-arm64, r-prerel-windows-x86_64, r-patched-linux-x86_64, r-release-linux-x86_64, r-release-macos-arm64, r-release-macos-x86_64, r-release-windows-x86_64, r-oldrel-macos-arm64, r-oldrel-windows-x86_64
Version: 0.3.0
Check: dependencies in R code
Result: NOTE
Namespace in Imports field not imported from: ‘bookdown’
All declared Imports should be used.
Flavors: r-devel-linux-x86_64-fedora-clang, r-devel-linux-x86_64-fedora-gcc, r-oldrel-macos-arm64