Last updated on 2024-04-26 18:55:09 CEST.
Flavor | Version | Tinstall | Tcheck | Ttotal | Status | Flags |
---|---|---|---|---|---|---|
r-devel-linux-x86_64-debian-clang | 1.3-2 | 5.07 | 52.58 | 57.65 | NOTE | |
r-devel-linux-x86_64-debian-gcc | 1.3-2 | 3.60 | 37.49 | 41.09 | NOTE | |
r-devel-linux-x86_64-fedora-clang | 1.3-2 | 71.00 | NOTE | |||
r-devel-linux-x86_64-fedora-gcc | 1.3-2 | 69.00 | NOTE | |||
r-devel-windows-x86_64 | 1.3-2 | 5.00 | 63.00 | 68.00 | NOTE | |
r-patched-linux-x86_64 | 1.3-2 | 6.12 | 49.09 | 55.21 | NOTE | |
r-release-linux-x86_64 | 1.3-2 | 4.84 | 48.14 | 52.98 | NOTE | |
r-release-macos-arm64 | 1.3-2 | 26.00 | NOTE | |||
r-release-windows-x86_64 | 1.3-2 | 5.00 | 62.00 | 67.00 | NOTE | |
r-oldrel-macos-arm64 | 1.3-2 | 23.00 | NOTE | |||
r-oldrel-macos-x86_64 | 1.3-2 | 36.00 | NOTE | |||
r-oldrel-windows-x86_64 | 1.3-2 | 6.00 | 67.00 | 73.00 | NOTE |
Version: 1.3-2
Check: package subdirectories
Result: NOTE
Problems with news in ‘NEWS.md’:
No news entries found.
Flavors: r-devel-linux-x86_64-debian-clang, r-devel-linux-x86_64-debian-gcc, r-devel-linux-x86_64-fedora-clang, r-devel-linux-x86_64-fedora-gcc, r-devel-windows-x86_64, r-patched-linux-x86_64, r-release-linux-x86_64, r-release-macos-arm64, r-release-windows-x86_64, r-oldrel-macos-arm64, r-oldrel-macos-x86_64, r-oldrel-windows-x86_64