Last updated on 2024-03-28 17:49:35 CET.
Flavor | Version | Tinstall | Tcheck | Ttotal | Status | Flags |
---|---|---|---|---|---|---|
r-devel-linux-x86_64-debian-clang | 1.22.6 | 154.77 | 456.03 | 610.80 | OK | |
r-devel-linux-x86_64-debian-gcc | 1.22.6 | 131.49 | 328.05 | 459.54 | OK | |
r-devel-linux-x86_64-fedora-clang | 1.22.6 | 841.49 | OK | |||
r-devel-linux-x86_64-fedora-gcc | 1.22.6 | 811.86 | OK | |||
r-devel-windows-x86_64 | 1.22.6 | 125.00 | 249.00 | 374.00 | NOTE | --no-vignettes |
r-patched-linux-x86_64 | 1.22.6 | 123.73 | 436.57 | 560.30 | OK | |
r-release-linux-x86_64 | 1.22.6 | 117.00 | 450.85 | 567.85 | OK | |
r-release-macos-arm64 | 1.22.6 | 195.00 | NOTE | |||
r-release-macos-x86_64 | 1.22.6 | 361.00 | NOTE | |||
r-release-windows-x86_64 | 1.22.6 | 160.00 | 261.00 | 421.00 | NOTE | --no-vignettes |
r-oldrel-macos-arm64 | 1.22.6 | 204.00 | NOTE | |||
r-oldrel-windows-x86_64 | 1.22.6 | 156.00 | 254.00 | 410.00 | NOTE | --no-vignettes |
Version: 1.22.6
Flags: --no-vignettes
Check: installed package size
Result: NOTE
installed size is 5.8Mb
sub-directories of 1Mb or more:
doc 2.5Mb
libs 1.5Mb
Flavors: r-devel-windows-x86_64, r-release-windows-x86_64, r-oldrel-windows-x86_64
Version: 1.22.6
Check: installed package size
Result: NOTE
installed size is 9.9Mb
sub-directories of 1Mb or more:
doc 2.5Mb
libs 5.5Mb
Flavors: r-release-macos-arm64, r-release-macos-x86_64, r-oldrel-macos-arm64