Last updated on 2024-05-07 18:49:53 CEST.
Flavor | Version | Tinstall | Tcheck | Ttotal | Status | Flags |
---|---|---|---|---|---|---|
r-devel-linux-x86_64-debian-clang | 4.0.5 | 87.87 | 300.76 | 388.63 | OK | |
r-devel-linux-x86_64-debian-gcc | 4.0.5 | 63.49 | 217.21 | 280.70 | OK | |
r-devel-linux-x86_64-fedora-clang | 4.0.5 | 507.15 | OK | |||
r-devel-linux-x86_64-fedora-gcc | 4.0.5 | 587.12 | OK | |||
r-devel-windows-x86_64 | 4.0.5 | 65.00 | 232.00 | 297.00 | OK | |
r-patched-linux-x86_64 | 4.0.5 | 64.26 | 278.26 | 342.52 | OK | |
r-release-linux-x86_64 | 4.0.5 | 61.98 | 248.06 | 310.04 | ERROR | |
r-release-macos-arm64 | 4.0.5 | 125.00 | NOTE | |||
r-release-macos-x86_64 | 4.0.5 | 250.00 | NOTE | |||
r-release-windows-x86_64 | 4.0.5 | 64.00 | 232.00 | 296.00 | OK | |
r-oldrel-macos-arm64 | 4.0.5 | 129.00 | NOTE | |||
r-oldrel-macos-x86_64 | 4.0.5 | 314.00 | NOTE | |||
r-oldrel-windows-x86_64 | 4.0.5 | 85.00 | 295.00 | 380.00 | OK |
Version: 4.0.5
Check: re-building of vignette outputs
Result: ERROR
Error(s) in re-building vignettes:
...
--- re-building ‘netgsa.Rmd’ using rmarkdown
Quitting from lines at lines 102-105 [pathways] (netgsa.Rmd)
Error: processing vignette 'netgsa.Rmd' failed with diagnostics:
cannot download pathway data: are you offline?
--- failed re-building ‘netgsa.Rmd’
SUMMARY: processing the following file failed:
‘netgsa.Rmd’
Error: Vignette re-building failed.
Execution halted
Flavor: r-release-linux-x86_64
Version: 4.0.5
Check: installed package size
Result: NOTE
installed size is 21.2Mb
sub-directories of 1Mb or more:
doc 2.8Mb
libs 17.5Mb
Flavors: r-release-macos-arm64, r-release-macos-x86_64, r-oldrel-macos-arm64, r-oldrel-macos-x86_64