Last updated on 2024-04-26 18:55:10 CEST.
Flavor | Version | Tinstall | Tcheck | Ttotal | Status | Flags |
---|---|---|---|---|---|---|
r-devel-linux-x86_64-debian-clang | 2.9-0 | 42.40 | 617.00 | 659.40 | OK | |
r-devel-linux-x86_64-debian-gcc | 2.9-0 | 31.26 | 439.89 | 471.15 | OK | |
r-devel-linux-x86_64-fedora-clang | 2.9-0 | 853.56 | NOTE | |||
r-devel-linux-x86_64-fedora-gcc | 2.9-0 | 779.18 | NOTE | |||
r-devel-windows-x86_64 | 2.9-0 | 33.00 | 490.00 | 523.00 | OK | |
r-patched-linux-x86_64 | 2.9-0 | 43.24 | 591.99 | 635.23 | OK | |
r-release-linux-x86_64 | 2.9-0 | 36.93 | 585.79 | 622.72 | OK | |
r-release-macos-arm64 | 2.9-0 | 191.00 | OK | |||
r-release-windows-x86_64 | 2.9-0 | 31.00 | 482.00 | 513.00 | OK | |
r-oldrel-macos-arm64 | 2.9-0 | 159.00 | OK | |||
r-oldrel-macos-x86_64 | 2.9-0 | 353.00 | OK | |||
r-oldrel-windows-x86_64 | 2.9-0 | 46.00 | 648.00 | 694.00 | OK |
Version: 2.9-0
Check: Rd cross-references
Result: NOTE
Undeclared package ‘crossnma’ in Rd xrefs
Flavor: r-devel-linux-x86_64-fedora-clang
Version: 2.9-0
Check: data for non-ASCII characters
Result: NOTE
Note: found 2 marked UTF-8 strings
Flavors: r-devel-linux-x86_64-fedora-clang, r-devel-linux-x86_64-fedora-gcc