Last updated on 2024-03-28 17:49:35 CET.
Flavor | Version | Tinstall | Tcheck | Ttotal | Status | Flags |
---|---|---|---|---|---|---|
r-devel-linux-x86_64-debian-clang | 0.0.6 | 47.19 | 186.50 | 233.69 | OK | |
r-devel-linux-x86_64-debian-gcc | 0.0.6 | 37.03 | 141.23 | 178.26 | OK | |
r-devel-linux-x86_64-fedora-clang | 0.0.6 | 303.09 | NOTE | |||
r-devel-linux-x86_64-fedora-gcc | 0.0.6 | 302.53 | NOTE | |||
r-devel-windows-x86_64 | 0.0.6 | 37.00 | 194.00 | 231.00 | OK | |
r-patched-linux-x86_64 | 0.0.6 | 32.18 | 178.48 | 210.66 | OK | |
r-release-linux-x86_64 | 0.0.6 | 29.74 | 184.36 | 214.10 | OK | |
r-release-macos-arm64 | 0.0.6 | 88.00 | OK | |||
r-release-macos-x86_64 | 0.0.6 | 151.00 | OK | |||
r-release-windows-x86_64 | 0.0.6 | 52.00 | 235.00 | 287.00 | OK | |
r-oldrel-macos-arm64 | 0.0.6 | 69.00 | OK | |||
r-oldrel-windows-x86_64 | 0.0.6 | 54.00 | 207.00 | 261.00 | OK |
Version: 0.0.6
Check: compiled code
Result: NOTE
File ‘neuroim/libs/neuroim.so’:
Found no calls to: ‘R_registerRoutines’, ‘R_useDynamicSymbols’
It is good practice to register native routines and to disable symbol
search.
See ‘Writing portable packages’ in the ‘Writing R Extensions’ manual.
Flavors: r-devel-linux-x86_64-fedora-clang, r-devel-linux-x86_64-fedora-gcc