Last updated on 2024-05-07 18:49:53 CEST.
Flavor | Version | Tinstall | Tcheck | Ttotal | Status | Flags |
---|---|---|---|---|---|---|
r-devel-linux-x86_64-debian-clang | 2.1 | 36.81 | 88.20 | 125.01 | NOTE | |
r-devel-linux-x86_64-debian-gcc | 2.1 | 35.14 | 62.52 | 97.66 | NOTE | |
r-devel-linux-x86_64-fedora-clang | 2.1 | 149.06 | NOTE | |||
r-devel-linux-x86_64-fedora-gcc | 2.1 | 211.62 | NOTE | |||
r-devel-windows-x86_64 | 2.1 | 30.00 | 103.00 | 133.00 | NOTE | |
r-patched-linux-x86_64 | 2.1 | 41.14 | 81.09 | 122.23 | NOTE | |
r-release-linux-x86_64 | 2.1 | 38.94 | 81.12 | 120.06 | NOTE | |
r-release-macos-arm64 | 2.1 | 45.00 | NOTE | |||
r-release-windows-x86_64 | 2.1 | 29.00 | 100.00 | 129.00 | NOTE | |
r-oldrel-macos-arm64 | 2.1 | 50.00 | NOTE | |||
r-oldrel-macos-x86_64 | 2.1 | 104.00 | NOTE | |||
r-oldrel-windows-x86_64 | 2.1 | 37.00 | 120.00 | 157.00 | NOTE |
Version: 2.1
Check: C++ specification
Result: NOTE
Specified C++14: please drop specification unless essential
Flavors: r-devel-linux-x86_64-debian-clang, r-devel-linux-x86_64-debian-gcc, r-devel-linux-x86_64-fedora-clang, r-devel-linux-x86_64-fedora-gcc, r-devel-windows-x86_64, r-patched-linux-x86_64, r-release-linux-x86_64, r-release-macos-arm64, r-release-windows-x86_64, r-oldrel-macos-arm64, r-oldrel-macos-x86_64, r-oldrel-windows-x86_64