Last updated on 2024-05-07 18:49:53 CEST.
Flavor | Version | Tinstall | Tcheck | Ttotal | Status | Flags |
---|---|---|---|---|---|---|
r-devel-linux-x86_64-debian-clang | 0.2.1 | 15.74 | 74.59 | 90.33 | OK | |
r-devel-linux-x86_64-debian-gcc | 0.2.1 | 13.15 | 66.13 | 79.28 | OK | |
r-devel-linux-x86_64-fedora-clang | 0.2.1 | 125.53 | NOTE | |||
r-devel-linux-x86_64-fedora-gcc | 0.2.1 | 149.12 | NOTE | |||
r-devel-windows-x86_64 | 0.2.1 | 13.00 | 85.00 | 98.00 | OK | |
r-patched-linux-x86_64 | 0.2.1 | 19.08 | 82.48 | 101.56 | OK | |
r-release-linux-x86_64 | 0.2.1 | 15.77 | 82.53 | 98.30 | OK | |
r-release-macos-arm64 | 0.2.1 | 39.00 | OK | |||
r-release-macos-x86_64 | 0.2.1 | 107.00 | OK | |||
r-release-windows-x86_64 | 0.2.1 | 14.00 | 81.00 | 95.00 | OK | |
r-oldrel-macos-arm64 | 0.2.1 | 46.00 | OK | |||
r-oldrel-macos-x86_64 | 0.2.1 | 90.00 | OK | |||
r-oldrel-windows-x86_64 | 0.2.1 | 17.00 | 96.00 | 113.00 | OK |
Version: 0.2.1
Check: dependencies in R code
Result: NOTE
Namespace in Imports field not imported from: ‘methods’
All declared Imports should be used.
Flavors: r-devel-linux-x86_64-fedora-clang, r-devel-linux-x86_64-fedora-gcc