Last updated on 2024-03-28 06:01:31 CET.
Flavor | Version | Tinstall | Tcheck | Ttotal | Status | Flags |
---|---|---|---|---|---|---|
r-devel-linux-x86_64-debian-clang | 2.0.3 | 27.75 | 49.76 | 77.51 | NOTE | |
r-devel-linux-x86_64-debian-gcc | 2.0.3 | 26.11 | 38.27 | 64.38 | NOTE | |
r-devel-linux-x86_64-fedora-clang | 2.0.3 | 104.25 | NOTE | |||
r-devel-linux-x86_64-fedora-gcc | 2.0.3 | 123.01 | NOTE | |||
r-devel-windows-x86_64 | 2.0.3 | 26.00 | 106.00 | 132.00 | NOTE | |
r-patched-linux-x86_64 | 2.0.3 | 23.65 | 46.48 | 70.13 | NOTE | |
r-release-linux-x86_64 | 2.0.3 | 23.58 | 47.77 | 71.35 | NOTE | |
r-release-macos-arm64 | 2.0.3 | 54.00 | NOTE | |||
r-release-macos-x86_64 | 2.0.3 | 83.00 | NOTE | |||
r-release-windows-x86_64 | 2.0.3 | 32.00 | 104.00 | 136.00 | NOTE | |
r-oldrel-macos-arm64 | 2.0.3 | 53.00 | NOTE | |||
r-oldrel-windows-x86_64 | 2.0.3 | 31.00 | 95.00 | 126.00 | OK |
Version: 2.0.3
Check: C++ specification
Result: NOTE
Specified C++11: please drop specification unless essential
Flavors: r-devel-linux-x86_64-debian-clang, r-devel-linux-x86_64-debian-gcc, r-devel-linux-x86_64-fedora-clang, r-devel-linux-x86_64-fedora-gcc, r-devel-windows-x86_64, r-patched-linux-x86_64, r-release-linux-x86_64, r-release-macos-arm64, r-release-macos-x86_64, r-release-windows-x86_64
Version: 2.0.3
Check: installed package size
Result: NOTE
installed size is 6.5Mb
sub-directories of 1Mb or more:
libs 6.1Mb
Flavors: r-release-macos-arm64, r-release-macos-x86_64, r-oldrel-macos-arm64