Last updated on 2024-05-07 06:55:59 CEST.
Flavor | Version | Tinstall | Tcheck | Ttotal | Status | Flags |
---|---|---|---|---|---|---|
r-devel-linux-x86_64-debian-clang | 0.2.7 | 209.28 | 65.97 | 275.25 | OK | |
r-devel-linux-x86_64-debian-gcc | 0.2.7 | 159.60 | 48.73 | 208.33 | OK | |
r-devel-linux-x86_64-fedora-clang | 0.2.7 | 399.56 | OK | |||
r-devel-linux-x86_64-fedora-gcc | 0.2.7 | 564.00 | OK | |||
r-devel-windows-x86_64 | 0.2.7 | 145.00 | 120.00 | 265.00 | OK | |
r-patched-linux-x86_64 | 0.2.7 | 204.91 | 62.56 | 267.47 | OK | |
r-release-linux-x86_64 | 0.2.7 | 202.55 | 63.27 | 265.82 | OK | |
r-release-macos-arm64 | 0.2.7 | 83.00 | NOTE | |||
r-release-macos-x86_64 | 0.2.7 | 151.00 | NOTE | |||
r-release-windows-x86_64 | 0.2.7 | 150.00 | 119.00 | 269.00 | OK | |
r-oldrel-macos-arm64 | 0.2.7 | 87.00 | NOTE | |||
r-oldrel-macos-x86_64 | 0.2.7 | 128.00 | NOTE | |||
r-oldrel-windows-x86_64 | 0.2.7 | 137.00 | 124.00 | 261.00 | OK |
Version: 0.2.7
Check: installed package size
Result: NOTE
installed size is 9.9Mb
sub-directories of 1Mb or more:
libs 9.4Mb
Flavors: r-release-macos-arm64, r-release-macos-x86_64, r-oldrel-macos-arm64, r-oldrel-macos-x86_64