Last updated on 2024-03-28 17:49:35 CET.
Flavor | Version | Tinstall | Tcheck | Ttotal | Status | Flags |
---|---|---|---|---|---|---|
r-devel-linux-x86_64-debian-clang | 3.0 | 13.61 | 108.55 | 122.16 | NOTE | |
r-devel-linux-x86_64-debian-gcc | 3.0 | 11.10 | 80.62 | 91.72 | NOTE | |
r-devel-linux-x86_64-fedora-clang | 3.0 | 151.69 | NOTE | |||
r-devel-linux-x86_64-fedora-gcc | 3.0 | 145.35 | NOTE | |||
r-devel-windows-x86_64 | 3.0 | 13.00 | 90.00 | 103.00 | NOTE | |
r-patched-linux-x86_64 | 3.0 | 8.81 | 102.38 | 111.19 | NOTE | |
r-release-linux-x86_64 | 3.0 | 8.83 | 106.07 | 114.90 | NOTE | |
r-release-macos-arm64 | 3.0 | 52.00 | NOTE | |||
r-release-macos-x86_64 | 3.0 | 78.00 | NOTE | |||
r-release-windows-x86_64 | 3.0 | 16.00 | 113.00 | 129.00 | NOTE | |
r-oldrel-macos-arm64 | 3.0 | 50.00 | NOTE | |||
r-oldrel-windows-x86_64 | 3.0 | 17.00 | 115.00 | 132.00 | NOTE |
Version: 3.0
Check: LazyData
Result: NOTE
'LazyData' is specified without a 'data' directory
Flavors: r-devel-linux-x86_64-debian-clang, r-devel-linux-x86_64-debian-gcc, r-devel-linux-x86_64-fedora-clang, r-devel-linux-x86_64-fedora-gcc, r-devel-windows-x86_64, r-patched-linux-x86_64, r-release-linux-x86_64, r-release-macos-arm64, r-release-macos-x86_64, r-release-windows-x86_64, r-oldrel-macos-arm64, r-oldrel-windows-x86_64