Last updated on 2024-05-07 06:55:59 CEST.
Flavor | Version | Tinstall | Tcheck | Ttotal | Status | Flags |
---|---|---|---|---|---|---|
r-devel-linux-x86_64-debian-clang | 0.1-1 | 5.19 | 69.90 | 75.09 | OK | |
r-devel-linux-x86_64-debian-gcc | 0.1-1 | 3.10 | 54.26 | 57.36 | OK | |
r-devel-linux-x86_64-fedora-clang | 0.1-1 | 99.21 | NOTE | |||
r-devel-linux-x86_64-fedora-gcc | 0.1-1 | 116.37 | OK | |||
r-devel-windows-x86_64 | 0.1-1 | 5.00 | 100.00 | 105.00 | OK | |
r-patched-linux-x86_64 | 0.1-1 | 3.93 | 71.04 | 74.97 | OK | |
r-release-linux-x86_64 | 0.1-1 | 4.48 | 70.25 | 74.73 | OK | |
r-release-macos-arm64 | 0.1-1 | 48.00 | OK | |||
r-release-macos-x86_64 | 0.1-1 | 129.00 | OK | |||
r-release-windows-x86_64 | 0.1-1 | 4.00 | 95.00 | 99.00 | OK | |
r-oldrel-macos-arm64 | 0.1-1 | 42.00 | OK | |||
r-oldrel-macos-x86_64 | 0.1-1 | 127.00 | OK | |||
r-oldrel-windows-x86_64 | 0.1-1 | 4.00 | 108.00 | 112.00 | OK |
Version: 0.1-1
Check: Rd cross-references
Result: NOTE
Undeclared packages ‘compositions’, ‘mixtools’ in Rd xrefs
Flavor: r-devel-linux-x86_64-fedora-clang