CRAN Package Check Results for Package npbr

Last updated on 2018-01-20 16:46:47 CET.

Flavor Version Tinstall Tcheck Ttotal Status Flags
r-devel-linux-x86_64-debian-clang 1.6 4.81 129.60 134.41 NOTE
r-devel-linux-x86_64-debian-gcc 1.6 3.82 99.92 103.74 NOTE
r-devel-linux-x86_64-fedora-clang 1.6 166.87 NOTE
r-devel-linux-x86_64-fedora-gcc 1.6 164.25 NOTE
r-devel-windows-ix86+x86_64 1.6 16.00 238.00 254.00 OK
r-patched-linux-x86_64 1.6 6.15 130.94 137.09 OK
r-patched-solaris-x86 1.6 244.70 OK
r-release-linux-x86_64 1.6 6.00 132.38 138.38 OK
r-release-windows-ix86+x86_64 1.6 17.00 217.00 234.00 OK
r-release-osx-x86_64 1.6 ERROR
r-oldrel-windows-ix86+x86_64 1.6 14.00 176.00 190.00 OK
r-oldrel-osx-x86_64 1.6 OK

Check Details

Version: 1.6
Check: DESCRIPTION meta-information
Result: NOTE
    Dependence on R version ‘3.3.1’ not with patchlevel 0
Flavors: r-devel-linux-x86_64-debian-clang, r-devel-linux-x86_64-debian-gcc, r-devel-linux-x86_64-fedora-clang, r-devel-linux-x86_64-fedora-gcc

Version: 1.6
Check: package dependencies
Result: ERROR
    Package required but not available: ‘Rglpk’
    
    See section ‘The DESCRIPTION file’ in the ‘Writing R Extensions’
    manual.
Flavor: r-release-osx-x86_64