CRAN Package Check Results for Package npbr

Last updated on 2018-04-20 18:55:25 CEST.

Flavor Version Tinstall Tcheck Ttotal Status Flags
r-devel-linux-x86_64-debian-clang 1.6 7.33 127.96 135.29 OK
r-devel-linux-x86_64-debian-gcc 1.6 5.53 101.45 106.98 OK
r-devel-linux-x86_64-fedora-clang 1.6 165.18 OK
r-devel-linux-x86_64-fedora-gcc 1.6 161.05 OK
r-devel-windows-ix86+x86_64 1.6 19.00 247.00 266.00 OK
r-devel-osx-x86_64 1.6 ERROR
r-patched-linux-x86_64 1.6 5.53 127.49 133.02 NOTE
r-patched-solaris-x86 1.6 231.50 OK
r-release-linux-x86_64 1.6 5.56 132.87 138.43 OK
r-release-windows-ix86+x86_64 1.6 17.00 215.00 232.00 OK
r-release-osx-x86_64 1.6 ERROR
r-oldrel-windows-ix86+x86_64 1.6 20.00 156.00 176.00 OK

Check Details

Version: 1.6
Check: package dependencies
Result: ERROR
    Package required but not available: ‘Rglpk’
    
    See section ‘The DESCRIPTION file’ in the ‘Writing R Extensions’
    manual.
Flavors: r-devel-osx-x86_64, r-release-osx-x86_64

Version: 1.6
Check: DESCRIPTION meta-information
Result: NOTE
    Dependence on R version ‘3.3.1’ not with patchlevel 0
Flavor: r-patched-linux-x86_64