CRAN Package Check Results for Package npbr

Last updated on 2018-10-21 06:46:44 CEST.

Flavor Version Tinstall Tcheck Ttotal Status Flags
r-devel-linux-x86_64-debian-clang 1.6 7.09 143.84 150.93 OK
r-devel-linux-x86_64-debian-gcc 1.6 6.88 115.29 122.17 OK
r-devel-linux-x86_64-fedora-clang 1.6 175.64 OK
r-devel-linux-x86_64-fedora-gcc 1.6 177.00 OK
r-devel-windows-ix86+x86_64 1.6 23.00 239.00 262.00 OK
r-patched-linux-x86_64 1.6 7.33 131.99 139.32 NOTE
r-patched-solaris-x86 1.6 231.40 OK
r-release-linux-x86_64 1.6 6.95 130.13 137.08 NOTE
r-release-windows-ix86+x86_64 1.6 22.00 227.00 249.00 OK
r-release-osx-x86_64 1.6 OK
r-oldrel-windows-ix86+x86_64 1.6 13.00 231.00 244.00 OK
r-oldrel-osx-x86_64 1.6 OK

Check Details

Version: 1.6
Check: DESCRIPTION meta-information
Result: NOTE
    Dependence on R version ‘3.3.1’ not with patchlevel 0
Flavors: r-patched-linux-x86_64, r-release-linux-x86_64