CRAN Package Check Results for Package npbr

Last updated on 2018-07-19 18:49:28 CEST.

Flavor Version Tinstall Tcheck Ttotal Status Flags
r-devel-linux-x86_64-debian-clang 1.6 8.50 123.34 131.84 OK
r-devel-linux-x86_64-debian-gcc 1.6 6.82 112.47 119.29 OK
r-devel-linux-x86_64-fedora-clang 1.6 174.13 OK
r-devel-linux-x86_64-fedora-gcc 1.6 172.17 OK
r-devel-windows-ix86+x86_64 1.6 17.00 251.00 268.00 OK
r-patched-linux-x86_64 1.6 7.06 131.53 138.59 NOTE
r-patched-solaris-x86 1.6 230.90 OK
r-release-linux-x86_64 1.6 6.30 131.47 137.77 NOTE
r-release-windows-ix86+x86_64 1.6 24.00 163.00 187.00 OK
r-release-osx-x86_64 1.6 ERROR
r-oldrel-windows-ix86+x86_64 1.6 20.00 171.00 191.00 OK
r-oldrel-osx-x86_64 1.6 ERROR

Check Details

Version: 1.6
Check: DESCRIPTION meta-information
Result: NOTE
    Dependence on R version ‘3.3.1’ not with patchlevel 0
Flavors: r-patched-linux-x86_64, r-release-linux-x86_64

Version: 1.6
Check: package dependencies
Result: ERROR
    Package required but not available: ‘Rglpk’
    
    See section ‘The DESCRIPTION file’ in the ‘Writing R Extensions’
    manual.
Flavors: r-release-osx-x86_64, r-oldrel-osx-x86_64