Last updated on 2024-05-07 06:55:59 CEST.
Flavor | Version | Tinstall | Tcheck | Ttotal | Status | Flags |
---|---|---|---|---|---|---|
r-devel-linux-x86_64-debian-clang | 0.8.0 | 36.99 | 90.65 | 127.64 | OK | |
r-devel-linux-x86_64-debian-gcc | 0.8.0 | 26.71 | 63.30 | 90.01 | OK | |
r-devel-linux-x86_64-fedora-clang | 0.8.0 | 167.85 | OK | |||
r-devel-linux-x86_64-fedora-gcc | 0.8.0 | 157.88 | OK | |||
r-devel-windows-x86_64 | 0.8.0 | 30.00 | 101.00 | 131.00 | OK | |
r-patched-linux-x86_64 | 0.8.0 | 33.23 | 84.58 | 117.81 | OK | |
r-release-linux-x86_64 | 0.8.0 | 35.64 | 86.13 | 121.77 | OK | |
r-release-macos-arm64 | 0.8.0 | 38.00 | NOTE | |||
r-release-windows-x86_64 | 0.8.0 | 33.00 | 103.00 | 136.00 | OK | |
r-oldrel-macos-arm64 | 0.8.0 | 41.00 | NOTE | |||
r-oldrel-macos-x86_64 | 0.8.0 | 70.00 | NOTE | |||
r-oldrel-windows-x86_64 | 0.8.0 | 32.00 | 120.00 | 152.00 | OK |
Version: 0.8.0
Check: package dependencies
Result: NOTE
Package suggested but not available for checking: ‘Rmpi’
Flavors: r-release-macos-arm64, r-oldrel-macos-arm64, r-oldrel-macos-x86_64