Last updated on 2024-04-18 06:57:49 CEST.
Flavor | Version | Tinstall | Tcheck | Ttotal | Status | Flags |
---|---|---|---|---|---|---|
r-devel-linux-x86_64-debian-clang | 0.2.0 | 7.33 | 59.08 | 66.41 | NOTE | |
r-devel-linux-x86_64-debian-gcc | 0.2.0 | 5.92 | 46.11 | 52.03 | NOTE | |
r-devel-linux-x86_64-fedora-clang | 0.2.0 | 84.59 | NOTE | |||
r-devel-linux-x86_64-fedora-gcc | 0.2.0 | 80.15 | NOTE | |||
r-prerel-macos-arm64 | 0.2.0 | 27.00 | NOTE | |||
r-prerel-windows-x86_64 | 0.2.0 | 6.00 | 58.00 | 64.00 | NOTE | |
r-patched-linux-x86_64 | 0.2.0 | 5.49 | 58.00 | 63.49 | NOTE | |
r-release-linux-x86_64 | 0.2.0 | 6.20 | 61.89 | 68.09 | NOTE | |
r-release-macos-arm64 | 0.2.0 | 32.00 | NOTE | |||
r-release-macos-x86_64 | 0.2.0 | 48.00 | NOTE | |||
r-release-windows-x86_64 | 0.2.0 | 9.00 | 68.00 | 77.00 | NOTE | |
r-oldrel-macos-arm64 | 0.2.0 | 26.00 | NOTE | |||
r-oldrel-windows-x86_64 | 0.2.0 | 9.00 | 75.00 | 84.00 | NOTE |
Version: 0.2.0
Check: LazyData
Result: NOTE
'LazyData' is specified without a 'data' directory
Flavors: r-devel-linux-x86_64-debian-clang, r-devel-linux-x86_64-debian-gcc, r-devel-linux-x86_64-fedora-clang, r-devel-linux-x86_64-fedora-gcc, r-prerel-macos-arm64, r-prerel-windows-x86_64, r-patched-linux-x86_64, r-release-linux-x86_64, r-release-macos-arm64, r-release-macos-x86_64, r-release-windows-x86_64, r-oldrel-macos-arm64, r-oldrel-windows-x86_64