Last updated on 2024-03-28 06:01:31 CET.
Flavor | Version | Tinstall | Tcheck | Ttotal | Status | Flags |
---|---|---|---|---|---|---|
r-devel-linux-x86_64-debian-clang | 0.4.0 | 11.44 | 63.47 | 74.91 | OK | |
r-devel-linux-x86_64-debian-gcc | 0.4.0 | 9.12 | 48.58 | 57.70 | OK | |
r-devel-linux-x86_64-fedora-clang | 0.4.0 | 95.35 | NOTE | |||
r-devel-linux-x86_64-fedora-gcc | 0.4.0 | 107.00 | NOTE | |||
r-devel-windows-x86_64 | 0.4.0 | 10.00 | 70.00 | 80.00 | OK | |
r-patched-linux-x86_64 | 0.4.0 | 12.53 | 60.09 | 72.62 | OK | |
r-release-linux-x86_64 | 0.4.0 | 12.83 | 61.51 | 74.34 | OK | |
r-release-macos-arm64 | 0.4.0 | 41.00 | NOTE | |||
r-release-macos-x86_64 | 0.4.0 | 58.00 | OK | |||
r-release-windows-x86_64 | 0.4.0 | 11.00 | 78.00 | 89.00 | OK | |
r-oldrel-macos-arm64 | 0.4.0 | 40.00 | NOTE | |||
r-oldrel-windows-x86_64 | 0.4.0 | 15.00 | 87.00 | 102.00 | OK |
Version: 0.4.0
Check: data for non-ASCII characters
Result: NOTE
Note: found 6409 marked UTF-8 strings
Flavors: r-devel-linux-x86_64-fedora-clang, r-devel-linux-x86_64-fedora-gcc
Version: 0.4.0
Check: installed package size
Result: NOTE
installed size is 5.3Mb
sub-directories of 1Mb or more:
data 5.0Mb
Flavors: r-release-macos-arm64, r-oldrel-macos-arm64