Last updated on 2024-04-25 18:49:35 CEST.
Flavor | Version | Tinstall | Tcheck | Ttotal | Status | Flags |
---|---|---|---|---|---|---|
r-devel-linux-x86_64-debian-clang | 0.1.2 | 5.97 | 53.67 | 59.64 | NOTE | |
r-devel-linux-x86_64-debian-gcc | 0.1.2 | 4.11 | 39.79 | 43.90 | NOTE | |
r-devel-linux-x86_64-fedora-clang | 0.1.2 | 73.88 | NOTE | |||
r-devel-linux-x86_64-fedora-gcc | 0.1.2 | 87.10 | NOTE | |||
r-devel-windows-x86_64 | 0.1.2 | 6.00 | 57.00 | 63.00 | NOTE | |
r-patched-linux-x86_64 | 0.1.2 | 4.32 | 51.19 | 55.51 | NOTE | |
r-release-linux-x86_64 | 0.1.2 | 4.50 | 48.76 | 53.26 | NOTE | |
r-release-macos-arm64 | 0.1.2 | 30.00 | NOTE | |||
r-release-windows-x86_64 | 0.1.2 | 7.00 | 56.00 | 63.00 | NOTE | |
r-oldrel-macos-arm64 | 0.1.2 | 32.00 | NOTE | |||
r-oldrel-macos-x86_64 | 0.1.2 | 48.00 | NOTE | |||
r-oldrel-windows-x86_64 | 0.1.2 | 8.00 | 62.00 | 70.00 | NOTE |
Version: 0.1.2
Check: Rd cross-references
Result: NOTE
Unknown package ‘ensurer’ in Rd xrefs
Flavors: r-devel-linux-x86_64-debian-clang, r-devel-linux-x86_64-debian-gcc, r-devel-linux-x86_64-fedora-gcc, r-patched-linux-x86_64, r-release-linux-x86_64
Version: 0.1.2
Check: LazyData
Result: NOTE
'LazyData' is specified without a 'data' directory
Flavors: r-devel-linux-x86_64-debian-clang, r-devel-linux-x86_64-debian-gcc, r-devel-linux-x86_64-fedora-clang, r-devel-linux-x86_64-fedora-gcc, r-devel-windows-x86_64, r-patched-linux-x86_64, r-release-linux-x86_64, r-release-macos-arm64, r-release-windows-x86_64, r-oldrel-macos-arm64, r-oldrel-macos-x86_64, r-oldrel-windows-x86_64
Version: 0.1.2
Check: Rd cross-references
Result: NOTE
Undeclared packages ‘ensurer’, ‘validate’ in Rd xrefs
Unknown package ‘ensurer’ in Rd xrefs
Flavor: r-devel-linux-x86_64-fedora-clang