Last updated on 2024-05-07 18:49:53 CEST.
Flavor | Version | Tinstall | Tcheck | Ttotal | Status | Flags |
---|---|---|---|---|---|---|
r-devel-linux-x86_64-debian-clang | 0.1.1 | 4.38 | 217.58 | 221.96 | NOTE | |
r-devel-linux-x86_64-debian-gcc | 0.1.1 | 3.17 | 152.02 | 155.19 | NOTE | |
r-devel-linux-x86_64-fedora-clang | 0.1.1 | 262.68 | NOTE | |||
r-devel-linux-x86_64-fedora-gcc | 0.1.1 | 261.15 | NOTE | |||
r-devel-windows-x86_64 | 0.1.1 | 3.00 | 154.00 | 157.00 | NOTE | |
r-patched-linux-x86_64 | 0.1.1 | 3.83 | 204.17 | 208.00 | NOTE | |
r-release-linux-x86_64 | 0.1.1 | 3.43 | 199.50 | 202.93 | NOTE | |
r-release-macos-arm64 | 0.1.1 | 61.00 | NOTE | |||
r-release-windows-x86_64 | 0.1.1 | 4.00 | 148.00 | 152.00 | NOTE | |
r-oldrel-macos-arm64 | 0.1.1 | 64.00 | OK | |||
r-oldrel-macos-x86_64 | 0.1.1 | 119.00 | OK | |||
r-oldrel-windows-x86_64 | 0.1.1 | 4.00 | 188.00 | 192.00 | OK |
Version: 0.1.1
Check: Rd files
Result: NOTE
checkRd: (-1) onlineCPD.Rd:35: Lost braces
35 | function(x, lambda){const_hazard(x, lambda=100)}
| ^
Flavors: r-devel-linux-x86_64-debian-clang, r-devel-linux-x86_64-debian-gcc, r-devel-linux-x86_64-fedora-clang, r-devel-linux-x86_64-fedora-gcc, r-devel-windows-x86_64, r-patched-linux-x86_64, r-release-linux-x86_64, r-release-macos-arm64, r-release-windows-x86_64