Last updated on 2024-03-28 17:49:35 CET.
Flavor | Version | Tinstall | Tcheck | Ttotal | Status | Flags |
---|---|---|---|---|---|---|
r-devel-linux-x86_64-debian-clang | 1.4.2 | 116.63 | 75.11 | 191.74 | OK | |
r-devel-linux-x86_64-debian-gcc | 1.4.2 | 86.22 | 58.52 | 144.74 | OK | |
r-devel-linux-x86_64-fedora-clang | 1.4.2 | 264.06 | WARN | |||
r-devel-linux-x86_64-fedora-gcc | 1.4.2 | 274.53 | OK | |||
r-devel-windows-x86_64 | 1.4.2 | 112.00 | 113.00 | 225.00 | OK | |
r-patched-linux-x86_64 | 1.4.2 | 103.70 | 74.93 | 178.63 | OK | |
r-release-linux-x86_64 | 1.4.2 | 108.54 | 72.47 | 181.01 | OK | |
r-release-macos-arm64 | 1.4.2 | 72.00 | NOTE | |||
r-release-macos-x86_64 | 1.4.2 | 142.00 | NOTE | |||
r-release-windows-x86_64 | 1.4.2 | 132.00 | 125.00 | 257.00 | OK | |
r-oldrel-macos-arm64 | 1.4.2 | 68.00 | NOTE | |||
r-oldrel-windows-x86_64 | 1.4.2 | 115.00 | 120.00 | 235.00 | OK |
Version: 1.4.2
Check: whether package can be installed
Result: WARN
Found the following significant warnings:
/usr/local/clang18/bin/../include/c++/v1/locale:3257:1: warning: 'wstring_convert<std::codecvt_utf8_utf16<char16_t>, char16_t>' is deprecated [-Wdeprecated-declarations]
See ‘/data/gannet/ripley/R/packages/tests-clang/odbc.Rcheck/00install.out’ for details.
* used C++ compiler: ‘clang version 18.1.1’
Flavor: r-devel-linux-x86_64-fedora-clang
Version: 1.4.2
Check: installed package size
Result: NOTE
installed size is 10.7Mb
sub-directories of 1Mb or more:
libs 10.0Mb
Flavors: r-release-macos-arm64, r-release-macos-x86_64, r-oldrel-macos-arm64