Last updated on 2024-03-28 17:49:35 CET.
Flavor | Version | Tinstall | Tcheck | Ttotal | Status | Flags |
---|---|---|---|---|---|---|
r-devel-linux-x86_64-debian-clang | 2.0.1 | 9.60 | 108.42 | 118.02 | OK | |
r-devel-linux-x86_64-debian-gcc | 2.0.1 | 8.40 | 82.11 | 90.51 | OK | |
r-devel-linux-x86_64-fedora-clang | 2.0.1 | 149.33 | NOTE | |||
r-devel-linux-x86_64-fedora-gcc | 2.0.1 | 156.31 | OK | |||
r-devel-windows-x86_64 | 2.0.1 | 10.00 | 94.00 | 104.00 | OK | |
r-patched-linux-x86_64 | 2.0.1 | 14.60 | 103.74 | 118.34 | OK | |
r-release-linux-x86_64 | 2.0.1 | 8.47 | 103.15 | 111.62 | OK | |
r-release-macos-arm64 | 2.0.1 | 55.00 | OK | |||
r-release-macos-x86_64 | 2.0.1 | 85.00 | OK | |||
r-release-windows-x86_64 | 2.0.1 | 13.00 | 111.00 | 124.00 | OK | |
r-oldrel-macos-arm64 | 2.0.1 | 42.00 | OK | |||
r-oldrel-windows-x86_64 | 2.0.1 | 13.00 | 117.00 | 130.00 | OK |
Version: 2.0.1
Check: Rd cross-references
Result: NOTE
Undeclared package ‘gam’ in Rd xrefs
Flavor: r-devel-linux-x86_64-fedora-clang