Last updated on 2024-05-07 18:49:53 CEST.
Flavor | Version | Tinstall | Tcheck | Ttotal | Status | Flags |
---|---|---|---|---|---|---|
r-devel-linux-x86_64-debian-clang | 0.4.1 | 102.98 | 148.46 | 251.44 | OK | |
r-devel-linux-x86_64-debian-gcc | 0.4.1 | 87.51 | 107.36 | 194.87 | OK | |
r-devel-linux-x86_64-fedora-clang | 0.4.1 | 354.45 | OK | |||
r-devel-linux-x86_64-fedora-gcc | 0.4.1 | 429.52 | OK | |||
r-devel-windows-x86_64 | 0.4.1 | 88.00 | 167.00 | 255.00 | OK | |
r-patched-linux-x86_64 | 0.4.1 | 112.20 | 139.50 | 251.70 | OK | |
r-release-linux-x86_64 | 0.4.1 | 83.43 | 138.66 | 222.09 | OK | |
r-release-macos-arm64 | 0.4.1 | 95.00 | NOTE | |||
r-release-macos-x86_64 | 0.4.1 | 204.00 | NOTE | |||
r-release-windows-x86_64 | 0.4.1 | 88.00 | 167.00 | 255.00 | OK | |
r-oldrel-macos-arm64 | 0.4.1 | 104.00 | NOTE | |||
r-oldrel-macos-x86_64 | 0.4.1 | 183.00 | NOTE | |||
r-oldrel-windows-x86_64 | 0.4.1 | 110.00 | 197.00 | 307.00 | OK |
Version: 0.4.1
Check: installed package size
Result: NOTE
installed size is 8.0Mb
sub-directories of 1Mb or more:
libs 7.5Mb
Flavors: r-release-macos-arm64, r-release-macos-x86_64, r-oldrel-macos-arm64, r-oldrel-macos-x86_64