Last updated on 2024-03-28 06:01:32 CET.
Flavor | Version | Tinstall | Tcheck | Ttotal | Status | Flags |
---|---|---|---|---|---|---|
r-devel-linux-x86_64-debian-clang | 0.2.0 | 2.60 | 228.85 | 231.45 | OK | |
r-devel-linux-x86_64-debian-gcc | 0.2.0 | 2.05 | 157.07 | 159.12 | OK | |
r-devel-linux-x86_64-fedora-clang | 0.2.0 | 268.43 | NOTE | |||
r-devel-linux-x86_64-fedora-gcc | 0.2.0 | 279.52 | NOTE | |||
r-devel-windows-x86_64 | 0.2.0 | 4.00 | 189.00 | 193.00 | OK | |
r-patched-linux-x86_64 | 0.2.0 | 2.71 | 215.43 | 218.14 | OK | |
r-release-linux-x86_64 | 0.2.0 | 2.05 | 210.66 | 212.71 | OK | |
r-release-macos-arm64 | 0.2.0 | 82.00 | OK | |||
r-release-macos-x86_64 | 0.2.0 | 144.00 | OK | |||
r-release-windows-x86_64 | 0.2.0 | 4.00 | 208.00 | 212.00 | OK | |
r-oldrel-macos-arm64 | 0.2.0 | 75.00 | NOTE | |||
r-oldrel-windows-x86_64 | 0.2.0 | 4.00 | 213.00 | 217.00 | OK |
Version: 0.2.0
Check: dependencies in R code
Result: NOTE
Namespace in Imports field not imported from: ‘methods’
All declared Imports should be used.
Flavors: r-devel-linux-x86_64-fedora-clang, r-devel-linux-x86_64-fedora-gcc, r-oldrel-macos-arm64