Last updated on 2024-04-23 06:57:07 CEST.
Flavor | Version | Tinstall | Tcheck | Ttotal | Status | Flags |
---|---|---|---|---|---|---|
r-devel-linux-x86_64-debian-clang | 0.10.7 | 54.04 | 262.82 | 316.86 | NOTE | |
r-devel-linux-x86_64-debian-gcc | 0.10.7 | 43.18 | 192.14 | 235.32 | NOTE | |
r-devel-linux-x86_64-fedora-clang | 0.10.7 | 408.47 | NOTE | |||
r-devel-linux-x86_64-fedora-gcc | 0.10.7 | 415.42 | NOTE | |||
r-prerel-macos-arm64 | 0.10.7 | 110.00 | NOTE | |||
r-prerel-windows-x86_64 | 0.10.7 | 50.00 | 210.00 | 260.00 | NOTE | |
r-patched-linux-x86_64 | 0.10.7 | 57.69 | 248.14 | 305.83 | NOTE | |
r-release-linux-x86_64 | 0.10.7 | 53.11 | 251.53 | 304.64 | NOTE | |
r-release-macos-arm64 | 0.10.7 | 250.00 | NOTE | |||
r-release-macos-x86_64 | 0.10.7 | 379.00 | NOTE | |||
r-release-windows-x86_64 | 0.10.7 | 62.00 | 282.00 | 344.00 | NOTE | |
r-oldrel-macos-arm64 | 0.10.7 | 101.00 | NOTE | |||
r-oldrel-windows-x86_64 | 0.10.7 | 60.00 | 254.00 | 314.00 | NOTE |
Version: 0.10.7
Check: package dependencies
Result: NOTE
Package suggested but not available for checking: ‘rrelaxiv’
Flavors: r-devel-linux-x86_64-debian-clang, r-devel-linux-x86_64-debian-gcc, r-devel-linux-x86_64-fedora-clang, r-devel-linux-x86_64-fedora-gcc, r-prerel-macos-arm64, r-prerel-windows-x86_64, r-patched-linux-x86_64, r-release-linux-x86_64, r-release-macos-arm64, r-release-macos-x86_64, r-release-windows-x86_64, r-oldrel-macos-arm64, r-oldrel-windows-x86_64