Last updated on 2024-04-18 06:57:49 CEST.
Flavor | Version | Tinstall | Tcheck | Ttotal | Status | Flags |
---|---|---|---|---|---|---|
r-devel-linux-x86_64-debian-clang | 3.0-3 | 16.82 | 106.50 | 123.32 | OK | |
r-devel-linux-x86_64-debian-gcc | 3.0-3 | 11.62 | 76.32 | 87.94 | OK | |
r-devel-linux-x86_64-fedora-clang | 3.0-3 | 148.51 | NOTE | |||
r-devel-linux-x86_64-fedora-gcc | 3.0-3 | 139.18 | NOTE | |||
r-prerel-macos-arm64 | 3.0-3 | 54.00 | OK | |||
r-prerel-windows-x86_64 | 3.0-3 | 17.00 | 106.00 | 123.00 | OK | |
r-patched-linux-x86_64 | 3.0-3 | 15.13 | 99.63 | 114.76 | OK | |
r-release-linux-x86_64 | 3.0-3 | 11.69 | 101.71 | 113.40 | OK | |
r-release-macos-arm64 | 3.0-3 | 57.00 | OK | |||
r-release-macos-x86_64 | 3.0-3 | 81.00 | OK | |||
r-release-windows-x86_64 | 3.0-3 | 21.00 | 125.00 | 146.00 | OK | |
r-oldrel-macos-arm64 | 3.0-3 | 51.00 | OK | |||
r-oldrel-windows-x86_64 | 3.0-3 | 22.00 | 126.00 | 148.00 | OK |
Version: 3.0-3
Check: Rd cross-references
Result: NOTE
Undeclared package ‘vegan’ in Rd xrefs
Flavor: r-devel-linux-x86_64-fedora-clang
Version: 3.0-3
Check: compiled code
Result: NOTE
File ‘optpart/libs/optpart.so’:
Found no calls to: ‘R_registerRoutines’, ‘R_useDynamicSymbols’
It is good practice to register native routines and to disable symbol
search.
See ‘Writing portable packages’ in the ‘Writing R Extensions’ manual.
Flavors: r-devel-linux-x86_64-fedora-clang, r-devel-linux-x86_64-fedora-gcc