Last updated on 2024-03-28 17:49:36 CET.
Flavor | Version | Tinstall | Tcheck | Ttotal | Status | Flags |
---|---|---|---|---|---|---|
r-devel-linux-x86_64-debian-clang | 2.4-3 | 102.85 | 35.62 | 138.47 | OK | |
r-devel-linux-x86_64-debian-gcc | 2.4-3 | 77.93 | 27.42 | 105.35 | OK | |
r-devel-linux-x86_64-fedora-clang | 2.4-3 | 218.62 | OK | |||
r-devel-linux-x86_64-fedora-gcc | 2.4-3 | 201.37 | OK | |||
r-devel-windows-x86_64 | 2.4-3 | 80.00 | 71.00 | 151.00 | OK | |
r-patched-linux-x86_64 | 2.4-3 | 92.81 | 35.23 | 128.04 | OK | |
r-release-linux-x86_64 | 2.4-3 | 103.97 | 35.24 | 139.21 | OK | |
r-release-macos-arm64 | 2.4-3 | 50.00 | NOTE | |||
r-release-macos-x86_64 | 2.4-3 | 84.00 | NOTE | |||
r-release-windows-x86_64 | 2.4-3 | 98.00 | 76.00 | 174.00 | OK | |
r-oldrel-macos-arm64 | 2.4-3 | 46.00 | NOTE | |||
r-oldrel-windows-x86_64 | 2.4-3 | 88.00 | 74.00 | 162.00 | OK |
Version: 2.4-3
Check: installed package size
Result: NOTE
installed size is 6.1Mb
sub-directories of 1Mb or more:
libs 5.9Mb
Flavors: r-release-macos-arm64, r-release-macos-x86_64, r-oldrel-macos-arm64