Last updated on 2024-03-28 17:49:36 CET.
Flavor | Version | Tinstall | Tcheck | Ttotal | Status | Flags |
---|---|---|---|---|---|---|
r-devel-linux-x86_64-debian-clang | 4.9 | 2.22 | 21.48 | 23.70 | NOTE | |
r-devel-linux-x86_64-debian-gcc | 4.9 | 2.00 | 17.08 | 19.08 | NOTE | |
r-devel-linux-x86_64-fedora-clang | 4.9 | 31.24 | NOTE | |||
r-devel-linux-x86_64-fedora-gcc | 4.9 | 31.04 | NOTE | |||
r-devel-windows-x86_64 | 4.9 | 4.00 | 41.00 | 45.00 | NOTE | |
r-patched-linux-x86_64 | 4.9 | 8.57 | 21.12 | 29.69 | NOTE | |
r-release-linux-x86_64 | 4.9 | 1.68 | 21.72 | 23.40 | OK | |
r-release-macos-arm64 | 4.9 | 14.00 | OK | |||
r-release-macos-x86_64 | 4.9 | 17.00 | OK | |||
r-release-windows-x86_64 | 4.9 | 5.00 | 41.00 | 46.00 | OK | |
r-oldrel-macos-arm64 | 4.9 | 13.00 | OK | |||
r-oldrel-windows-x86_64 | 4.9 | 5.00 | 44.00 | 49.00 | OK |
Version: 4.9
Check: Rd files
Result: NOTE
checkRd: (-1) distsumlpmin.Rd:69: Lost braces
69 | \code{Véase}{Vease} \enc{también}{tambien} \code{\link{distsummin}}, \code{\link{orloca.es-package}}, \code{\link{loca.p}} y \code{\link{distsum}}.
| ^
checkRd: (-1) distsummin.Rd:80: Lost braces
80 | \code{Véase}{Vease} \enc{también}{tambien} \code{\link{orloca.es-package}}, \code{\link{loca.p}} y \code{\link{distsum}}.
| ^
Flavors: r-devel-linux-x86_64-debian-clang, r-devel-linux-x86_64-debian-gcc, r-devel-linux-x86_64-fedora-clang, r-devel-linux-x86_64-fedora-gcc, r-devel-windows-x86_64, r-patched-linux-x86_64