Last updated on 2024-04-24 07:15:12 CEST.
Flavor | Version | Tinstall | Tcheck | Ttotal | Status | Flags |
---|---|---|---|---|---|---|
r-devel-linux-x86_64-debian-clang | 0.1.0 | 2.24 | 20.93 | 23.17 | OK | |
r-devel-linux-x86_64-debian-gcc | 0.1.0 | 1.75 | 16.51 | 18.26 | OK | |
r-devel-linux-x86_64-fedora-clang | 0.1.0 | 31.13 | NOTE | |||
r-devel-linux-x86_64-fedora-gcc | 0.1.0 | 29.79 | NOTE | |||
r-prerel-macos-arm64 | 0.1.0 | 13.00 | NOTE | |||
r-prerel-windows-x86_64 | 0.1.0 | 3.00 | 38.00 | 41.00 | NOTE | |
r-patched-linux-x86_64 | 0.1.0 | 1.53 | 20.49 | 22.02 | OK | |
r-release-linux-x86_64 | 0.1.0 | 2.23 | 20.36 | 22.59 | OK | |
r-release-macos-arm64 | 0.1.0 | 17.00 | NOTE | |||
r-release-macos-x86_64 | 0.1.0 | 18.00 | NOTE | |||
r-release-windows-x86_64 | 0.1.0 | 4.00 | 35.00 | 39.00 | NOTE | |
r-oldrel-macos-arm64 | 0.1.0 | 16.00 | NOTE | |||
r-oldrel-windows-x86_64 | 0.1.0 | 3.00 | 42.00 | 45.00 | NOTE |
Version: 0.1.0
Check: package dependencies
Result: NOTE
Package suggested but not available for checking: ‘Rcplex’
Flavors: r-devel-linux-x86_64-fedora-clang, r-devel-linux-x86_64-fedora-gcc, r-prerel-macos-arm64, r-prerel-windows-x86_64, r-release-macos-arm64, r-release-macos-x86_64, r-release-windows-x86_64, r-oldrel-macos-arm64, r-oldrel-windows-x86_64