Last updated on 2024-03-28 17:49:36 CET.
Flavor | Version | Tinstall | Tcheck | Ttotal | Status | Flags |
---|---|---|---|---|---|---|
r-devel-linux-x86_64-debian-clang | 0.5.1 | 4.18 | 36.03 | 40.21 | OK | |
r-devel-linux-x86_64-debian-gcc | 0.5.1 | 3.42 | 27.94 | 31.36 | OK | |
r-devel-linux-x86_64-fedora-clang | 0.5.1 | 54.27 | NOTE | |||
r-devel-linux-x86_64-fedora-gcc | 0.5.1 | 50.37 | OK | |||
r-devel-windows-x86_64 | 0.5.1 | 5.00 | 56.00 | 61.00 | OK | |
r-patched-linux-x86_64 | 0.5.1 | 4.33 | 35.62 | 39.95 | OK | |
r-release-linux-x86_64 | 0.5.1 | 4.24 | 34.94 | 39.18 | OK | |
r-release-macos-arm64 | 0.5.1 | 20.00 | OK | |||
r-release-macos-x86_64 | 0.5.1 | 30.00 | OK | |||
r-release-windows-x86_64 | 0.5.1 | 7.00 | 57.00 | 64.00 | OK | |
r-oldrel-macos-arm64 | 0.5.1 | 31.00 | OK | |||
r-oldrel-windows-x86_64 | 0.5.1 | 7.00 | 184.00 | 191.00 | OK |
Version: 0.5.1
Check: Rd cross-references
Result: NOTE
Undeclared package ‘devtools’ in Rd xrefs
Flavor: r-devel-linux-x86_64-fedora-clang