Last updated on 2024-05-07 06:56:00 CEST.
Flavor | Version | Tinstall | Tcheck | Ttotal | Status | Flags |
---|---|---|---|---|---|---|
r-devel-linux-x86_64-debian-clang | 0.4.1 | 68.34 | 36.87 | 105.21 | NOTE | |
r-devel-linux-x86_64-debian-gcc | 0.4.1 | 58.53 | 28.52 | 87.05 | NOTE | |
r-devel-linux-x86_64-fedora-clang | 0.4.1 | 152.05 | NOTE | |||
r-devel-linux-x86_64-fedora-gcc | 0.4.1 | 221.15 | NOTE | |||
r-devel-windows-x86_64 | 0.4.1 | 54.00 | 72.00 | 126.00 | NOTE | |
r-patched-linux-x86_64 | 0.4.1 | 68.63 | 35.27 | 103.90 | NOTE | |
r-release-linux-x86_64 | 0.4.1 | 74.82 | 35.27 | 110.09 | NOTE | |
r-release-macos-arm64 | 0.4.1 | 39.00 | NOTE | |||
r-release-windows-x86_64 | 0.4.1 | 55.00 | 73.00 | 128.00 | NOTE | |
r-oldrel-macos-arm64 | 0.4.1 | 45.00 | NOTE | |||
r-oldrel-macos-x86_64 | 0.4.1 | 75.00 | NOTE | |||
r-oldrel-windows-x86_64 | 0.4.1 | 65.00 | 80.00 | 145.00 | NOTE |
Version: 0.4.1
Check: C++ specification
Result: NOTE
Specified C++11: please drop specification unless essential
Flavors: r-devel-linux-x86_64-debian-clang, r-devel-linux-x86_64-debian-gcc, r-devel-linux-x86_64-fedora-clang, r-devel-linux-x86_64-fedora-gcc, r-devel-windows-x86_64, r-patched-linux-x86_64, r-release-linux-x86_64, r-release-macos-arm64, r-release-windows-x86_64, r-oldrel-macos-arm64, r-oldrel-macos-x86_64, r-oldrel-windows-x86_64