Last updated on 2024-05-07 06:56:00 CEST.
Flavor | Version | Tinstall | Tcheck | Ttotal | Status | Flags |
---|---|---|---|---|---|---|
r-devel-linux-x86_64-debian-clang | 0.1.0 | 6.17 | 49.31 | 55.48 | OK | |
r-devel-linux-x86_64-debian-gcc | 0.1.0 | 4.38 | 36.09 | 40.47 | OK | |
r-devel-linux-x86_64-fedora-clang | 0.1.0 | 66.06 | NOTE | |||
r-devel-linux-x86_64-fedora-gcc | 0.1.0 | 138.07 | NOTE | |||
r-devel-windows-x86_64 | 0.1.0 | 5.00 | 53.00 | 58.00 | OK | |
r-patched-linux-x86_64 | 0.1.0 | 3.07 | 45.36 | 48.43 | OK | |
r-release-linux-x86_64 | 0.1.0 | 3.12 | 45.19 | 48.31 | OK | |
r-release-macos-arm64 | 0.1.0 | 21.00 | OK | |||
r-release-windows-x86_64 | 0.1.0 | 6.00 | 53.00 | 59.00 | OK | |
r-oldrel-macos-arm64 | 0.1.0 | 24.00 | OK | |||
r-oldrel-macos-x86_64 | 0.1.0 | 37.00 | OK | |||
r-oldrel-windows-x86_64 | 0.1.0 | 6.00 | 59.00 | 65.00 | OK |
Version: 0.1.0
Check: dependencies in R code
Result: NOTE
Namespaces in Imports field not imported from:
‘testthat’ ‘usethis’ ‘utils’
All declared Imports should be used.
Flavors: r-devel-linux-x86_64-fedora-clang, r-devel-linux-x86_64-fedora-gcc