Last updated on 2024-04-17 18:56:50 CEST.
Flavor | Version | Tinstall | Tcheck | Ttotal | Status | Flags |
---|---|---|---|---|---|---|
r-devel-linux-x86_64-debian-clang | 0.5-1 | 22.87 | 99.00 | 121.87 | OK | |
r-devel-linux-x86_64-debian-gcc | 0.5-1 | 16.40 | 75.83 | 92.23 | OK | |
r-devel-linux-x86_64-fedora-clang | 0.5-1 | 154.65 | WARN | |||
r-devel-linux-x86_64-fedora-gcc | 0.5-1 | 163.17 | WARN | |||
r-prerel-macos-arm64 | 0.5-1 | 12.00 | ERROR | |||
r-prerel-macos-x86_64 | 0.5-1 | 20.00 | ERROR | |||
r-prerel-windows-x86_64 | 0.5-1 | 62.00 | 127.00 | 189.00 | OK | |
r-patched-linux-x86_64 | 0.5-1 | 21.21 | 95.09 | 116.30 | OK | |
r-release-linux-x86_64 | 0.5-1 | 18.70 | 95.43 | 114.13 | OK | |
r-release-macos-arm64 | 0.5-1 | 18.00 | ERROR | |||
r-release-macos-x86_64 | 0.5-1 | 21.00 | ERROR | |||
r-release-windows-x86_64 | 0.5-1 | 59.00 | 147.00 | 206.00 | OK | |
r-oldrel-macos-arm64 | 0.5-1 | 15.00 | ERROR | |||
r-oldrel-windows-x86_64 | 0.5-1 | 68.00 | 152.00 | 220.00 | OK |
Version: 0.5-1
Check: whether the namespace can be unloaded cleanly
Result: WARN
---- unloading
Flavors: r-devel-linux-x86_64-fedora-clang, r-devel-linux-x86_64-fedora-gcc
Version: 0.5-1
Check: whether package can be installed
Result: ERROR
Installation failed.
Flavors: r-prerel-macos-arm64, r-prerel-macos-x86_64, r-release-macos-arm64, r-release-macos-x86_64, r-oldrel-macos-arm64