Last updated on 2024-03-28 17:49:36 CET.
Flavor | Version | Tinstall | Tcheck | Ttotal | Status | Flags |
---|---|---|---|---|---|---|
r-devel-linux-x86_64-debian-clang | 0.3-5 | 197.94 | 57.84 | 255.78 | OK | |
r-devel-linux-x86_64-debian-gcc | 0.3-5 | 143.86 | 45.37 | 189.23 | OK | |
r-devel-linux-x86_64-fedora-clang | 0.3-5 | 316.42 | OK | |||
r-devel-linux-x86_64-fedora-gcc | 0.3-5 | 347.56 | OK | |||
r-devel-windows-x86_64 | 0.3-5 | 214.00 | 79.00 | 293.00 | NOTE | |
r-patched-linux-x86_64 | 0.3-5 | 170.26 | 55.94 | 226.20 | OK | |
r-release-linux-x86_64 | 0.3-5 | 168.89 | 55.28 | 224.17 | OK | |
r-release-macos-arm64 | 0.3-5 | 11.00 | ERROR | |||
r-release-macos-x86_64 | 0.3-5 | 11.00 | ERROR | |||
r-release-windows-x86_64 | 0.3-5 | 230.00 | 83.00 | 313.00 | NOTE | |
r-oldrel-macos-arm64 | 0.3-5 | 13.00 | ERROR | |||
r-oldrel-windows-x86_64 | 0.3-5 | 206.00 | 92.00 | 298.00 | NOTE |
Version: 0.3-5
Check: installed package size
Result: NOTE
installed size is 5.6Mb
sub-directories of 1Mb or more:
lib 2.9Mb
libs 2.5Mb
Flavors: r-devel-windows-x86_64, r-release-windows-x86_64, r-oldrel-windows-x86_64
Version: 0.3-5
Check: package dependencies
Result: ERROR
Package required but not available: ‘pbdMPI’
See section ‘The DESCRIPTION file’ in the ‘Writing R Extensions’
manual.
Flavors: r-release-macos-arm64, r-release-macos-x86_64, r-oldrel-macos-arm64