Last updated on 2024-04-26 07:51:55 CEST.
Flavor | Version | Tinstall | Tcheck | Ttotal | Status | Flags |
---|---|---|---|---|---|---|
r-devel-linux-x86_64-debian-clang | 0.99 | 21.64 | 30.48 | 52.12 | OK | |
r-devel-linux-x86_64-debian-gcc | 0.99 | 15.16 | 22.79 | 37.95 | OK | |
r-devel-linux-x86_64-fedora-clang | 0.99 | 70.49 | NOTE | |||
r-devel-linux-x86_64-fedora-gcc | 0.99 | 68.47 | NOTE | |||
r-devel-windows-x86_64 | 0.99 | 16.00 | 63.00 | 79.00 | OK | |
r-patched-linux-x86_64 | 0.99 | 19.58 | 28.72 | 48.30 | OK | |
r-release-linux-x86_64 | 0.99 | 21.22 | 29.00 | 50.22 | OK | |
r-release-macos-arm64 | 0.99 | 20.00 | OK | |||
r-release-windows-x86_64 | 0.99 | 18.00 | 60.00 | 78.00 | OK | |
r-oldrel-macos-arm64 | 0.99 | 21.00 | OK | |||
r-oldrel-macos-x86_64 | 0.99 | 35.00 | OK | |||
r-oldrel-windows-x86_64 | 0.99 | 18.00 | 72.00 | 90.00 | OK |
Version: 0.99
Check: compiled code
Result: NOTE
File ‘penMSM/libs/penMSM.so’:
Found no calls to: ‘R_registerRoutines’, ‘R_useDynamicSymbols’
It is good practice to register native routines and to disable symbol
search.
See ‘Writing portable packages’ in the ‘Writing R Extensions’ manual.
Flavors: r-devel-linux-x86_64-fedora-clang, r-devel-linux-x86_64-fedora-gcc