Last updated on 2024-04-24 07:15:12 CEST.
Flavor | Version | Tinstall | Tcheck | Ttotal | Status | Flags |
---|---|---|---|---|---|---|
r-devel-linux-x86_64-debian-clang | 0.9-52 | 99.53 | 131.20 | 230.73 | NOTE | |
r-devel-linux-x86_64-debian-gcc | 0.9-52 | 72.75 | 95.30 | 168.05 | NOTE | |
r-devel-linux-x86_64-fedora-clang | 0.9-52 | 291.41 | NOTE | |||
r-devel-linux-x86_64-fedora-gcc | 0.9-52 | 321.52 | NOTE | |||
r-prerel-macos-arm64 | 0.9-52 | 80.00 | NOTE | |||
r-prerel-windows-x86_64 | 0.9-52 | 67.00 | 141.00 | 208.00 | NOTE | |
r-patched-linux-x86_64 | 0.9-52 | 91.72 | 121.49 | 213.21 | NOTE | |
r-release-linux-x86_64 | 0.9-52 | 95.03 | 123.58 | 218.61 | NOTE | |
r-release-macos-arm64 | 0.9-52 | 103.00 | NOTE | |||
r-release-macos-x86_64 | 0.9-52 | 173.00 | NOTE | |||
r-release-windows-x86_64 | 0.9-52 | 92.00 | 162.00 | 254.00 | NOTE | |
r-oldrel-macos-arm64 | 0.9-52 | 87.00 | NOTE | |||
r-oldrel-windows-x86_64 | 0.9-52 | 87.00 | 155.00 | 242.00 | OK |
Version: 0.9-52
Check: package dependencies
Result: NOTE
Package suggested but not available for checking: ‘globaltest’
Flavor: r-devel-linux-x86_64-debian-clang
Version: 0.9-52
Check: C++ specification
Result: NOTE
Specified C++11: please drop specification unless essential
Flavors: r-devel-linux-x86_64-debian-clang, r-devel-linux-x86_64-debian-gcc, r-devel-linux-x86_64-fedora-clang, r-devel-linux-x86_64-fedora-gcc, r-prerel-macos-arm64, r-prerel-windows-x86_64, r-patched-linux-x86_64, r-release-linux-x86_64, r-release-macos-arm64, r-release-macos-x86_64, r-release-windows-x86_64
Version: 0.9-52
Check: Rd files
Result: NOTE
checkRd: (-1) breslow.Rd:27: Escaped LaTeX specials: \# \#
Flavors: r-devel-linux-x86_64-debian-clang, r-devel-linux-x86_64-debian-gcc, r-devel-linux-x86_64-fedora-clang, r-devel-linux-x86_64-fedora-gcc, r-prerel-macos-arm64, r-prerel-windows-x86_64, r-patched-linux-x86_64, r-release-linux-x86_64, r-release-macos-arm64, r-release-macos-x86_64, r-release-windows-x86_64
Version: 0.9-52
Check: installed package size
Result: NOTE
installed size is 6.0Mb
sub-directories of 1Mb or more:
libs 5.1Mb
Flavors: r-prerel-macos-arm64, r-release-macos-arm64, r-release-macos-x86_64, r-oldrel-macos-arm64