Last updated on 2024-03-28 06:01:32 CET.
Flavor | Version | Tinstall | Tcheck | Ttotal | Status | Flags |
---|---|---|---|---|---|---|
r-devel-linux-x86_64-debian-clang | 0.2.5 | 8.94 | 87.20 | 96.14 | NOTE | |
r-devel-linux-x86_64-debian-gcc | 0.2.5 | 7.45 | 64.90 | 72.35 | NOTE | |
r-devel-linux-x86_64-fedora-clang | 0.2.5 | 113.79 | NOTE | |||
r-devel-linux-x86_64-fedora-gcc | 0.2.5 | 114.97 | NOTE | |||
r-devel-windows-x86_64 | 0.2.5 | 9.00 | 80.00 | 89.00 | NOTE | |
r-patched-linux-x86_64 | 0.2.5 | 9.09 | 86.68 | 95.77 | NOTE | |
r-release-linux-x86_64 | 0.2.5 | 10.15 | 85.99 | 96.14 | NOTE | |
r-release-macos-arm64 | 0.2.5 | 42.00 | NOTE | |||
r-release-macos-x86_64 | 0.2.5 | 64.00 | NOTE | |||
r-release-windows-x86_64 | 0.2.5 | 11.00 | 89.00 | 100.00 | NOTE | |
r-oldrel-macos-arm64 | 0.2.5 | 36.00 | NOTE | |||
r-oldrel-windows-x86_64 | 0.2.5 | 12.00 | 96.00 | 108.00 | NOTE |
Version: 0.2.5
Check: LazyData
Result: NOTE
'LazyData' is specified without a 'data' directory
Flavors: r-devel-linux-x86_64-debian-clang, r-devel-linux-x86_64-debian-gcc, r-devel-linux-x86_64-fedora-clang, r-devel-linux-x86_64-fedora-gcc, r-devel-windows-x86_64, r-patched-linux-x86_64, r-release-linux-x86_64, r-release-macos-arm64, r-release-macos-x86_64, r-release-windows-x86_64, r-oldrel-macos-arm64, r-oldrel-windows-x86_64