Last updated on 2024-03-28 17:49:37 CET.
Flavor | Version | Tinstall | Tcheck | Ttotal | Status | Flags |
---|---|---|---|---|---|---|
r-devel-linux-x86_64-debian-clang | 2.0.3 | 6.75 | 72.12 | 78.87 | OK | |
r-devel-linux-x86_64-debian-gcc | 2.0.3 | 5.92 | 55.19 | 61.11 | OK | |
r-devel-linux-x86_64-fedora-clang | 2.0.3 | 114.55 | NOTE | |||
r-devel-linux-x86_64-fedora-gcc | 2.0.3 | 114.36 | OK | |||
r-devel-windows-x86_64 | 2.0.3 | 8.00 | 78.00 | 86.00 | OK | |
r-patched-linux-x86_64 | 2.0.3 | 7.05 | 69.31 | 76.36 | OK | |
r-release-linux-x86_64 | 2.0.3 | 7.76 | 84.64 | 92.40 | OK | |
r-release-macos-arm64 | 2.0.3 | 41.00 | OK | |||
r-release-macos-x86_64 | 2.0.3 | 85.00 | OK | |||
r-release-windows-x86_64 | 2.0.3 | 10.00 | 91.00 | 101.00 | OK | |
r-oldrel-macos-arm64 | 2.0.3 | 41.00 | OK | |||
r-oldrel-windows-x86_64 | 2.0.3 | 12.00 | 107.00 | 119.00 | OK |
Version: 2.0.3
Check: Rd cross-references
Result: NOTE
Undeclared packages ‘classInt’, ‘agricolae’, ‘plotrix’, ‘AICcmodavg’ in Rd xrefs
Flavor: r-devel-linux-x86_64-fedora-clang