Last updated on 2024-05-07 18:49:55 CEST.
Flavor | Version | Tinstall | Tcheck | Ttotal | Status | Flags |
---|---|---|---|---|---|---|
r-devel-linux-x86_64-debian-clang | 1.0.2 | 8.91 | 79.27 | 88.18 | OK | |
r-devel-linux-x86_64-debian-gcc | 1.0.2 | 7.15 | 57.45 | 64.60 | OK | |
r-devel-linux-x86_64-fedora-clang | 1.0.2 | 113.67 | NOTE | |||
r-devel-linux-x86_64-fedora-gcc | 1.0.2 | 153.59 | OK | |||
r-devel-windows-x86_64 | 1.0.2 | 11.00 | 78.00 | 89.00 | OK | |
r-patched-linux-x86_64 | 1.0.2 | 10.45 | 73.12 | 83.57 | OK | |
r-release-linux-x86_64 | 1.0.2 | 9.40 | 71.93 | 81.33 | OK | |
r-release-macos-arm64 | 1.0.2 | 30.00 | OK | |||
r-release-windows-x86_64 | 1.0.2 | 9.00 | 79.00 | 88.00 | OK | |
r-oldrel-macos-arm64 | 1.0.2 | 32.00 | OK | |||
r-oldrel-macos-x86_64 | 1.0.2 | 57.00 | NOTE | |||
r-oldrel-windows-x86_64 | 1.0.2 | 13.00 | 90.00 | 103.00 | OK |
Version: 1.0.2
Check: Rd cross-references
Result: NOTE
Undeclared package ‘phase1RMD’ in Rd xrefs
Flavor: r-devel-linux-x86_64-fedora-clang
Version: 1.0.2
Check: Rd cross-references
Result: NOTE
Package unavailable to check Rd xrefs: ‘phase1RMD’
Flavor: r-oldrel-macos-x86_64