Last updated on 2024-03-28 17:49:37 CET.
Flavor | Version | Tinstall | Tcheck | Ttotal | Status | Flags |
---|---|---|---|---|---|---|
r-devel-linux-x86_64-debian-clang | 0.4.27 | 8.65 | 159.67 | 168.32 | NOTE | |
r-devel-linux-x86_64-debian-gcc | 0.4.27 | 5.58 | 119.36 | 124.94 | NOTE | |
r-devel-linux-x86_64-fedora-clang | 0.4.27 | 220.40 | NOTE | |||
r-devel-linux-x86_64-fedora-gcc | 0.4.27 | 238.79 | NOTE | |||
r-devel-windows-x86_64 | 0.4.27 | 7.00 | 146.00 | 153.00 | NOTE | |
r-patched-linux-x86_64 | 0.4.27 | 7.60 | 152.07 | 159.67 | NOTE | |
r-release-linux-x86_64 | 0.4.27 | 4.76 | 146.99 | 151.75 | OK | |
r-release-macos-arm64 | 0.4.27 | 55.00 | OK | |||
r-release-macos-x86_64 | 0.4.27 | 117.00 | OK | |||
r-release-windows-x86_64 | 0.4.27 | 10.00 | 166.00 | 176.00 | OK | |
r-oldrel-macos-arm64 | 0.4.27 | 140.00 | OK | |||
r-oldrel-windows-x86_64 | 0.4.27 | 10.00 | 167.00 | 177.00 | OK |
Version: 0.4.27
Check: Rd files
Result: NOTE
checkRd: (-1) read_cid_spectravue_csv.Rd:46: Lost braces
46 | function code{range()} will return range of wavelengths expressed in
| ^
checkRd: (-1) read_fmi2mspct.Rd:78: Lost braces; missing escapes or markup?
78 | \code{tz = UTC} and {time.shift.min = 120} to convert times to UTC. This
| ^
Flavors: r-devel-linux-x86_64-debian-clang, r-devel-linux-x86_64-debian-gcc, r-devel-linux-x86_64-fedora-clang, r-devel-linux-x86_64-fedora-gcc, r-devel-windows-x86_64, r-patched-linux-x86_64