Last updated on 2024-04-24 07:15:13 CEST.
Flavor | Version | Tinstall | Tcheck | Ttotal | Status | Flags |
---|---|---|---|---|---|---|
r-devel-linux-x86_64-debian-clang | 1.8.2 | 15.38 | 117.95 | 133.33 | NOTE | |
r-devel-linux-x86_64-debian-gcc | 1.8.2 | 11.36 | 84.42 | 95.78 | NOTE | |
r-devel-linux-x86_64-fedora-clang | 1.8.2 | 161.07 | NOTE | |||
r-devel-linux-x86_64-fedora-gcc | 1.8.2 | 166.73 | NOTE | |||
r-prerel-macos-arm64 | 1.8.2 | 53.00 | NOTE | |||
r-prerel-windows-x86_64 | 1.8.2 | 14.00 | 122.00 | 136.00 | NOTE | |
r-patched-linux-x86_64 | 1.8.2 | 14.69 | 110.44 | 125.13 | NOTE | |
r-release-linux-x86_64 | 1.8.2 | 11.18 | 109.12 | 120.30 | NOTE | |
r-release-macos-arm64 | 1.8.2 | 58.00 | NOTE | |||
r-release-macos-x86_64 | 1.8.2 | 89.00 | NOTE | |||
r-release-windows-x86_64 | 1.8.2 | 20.00 | 136.00 | 156.00 | NOTE | |
r-oldrel-macos-arm64 | 1.8.2 | 53.00 | OK | |||
r-oldrel-windows-x86_64 | 1.8.2 | 17.00 | 135.00 | 152.00 | OK |
Version: 1.8.2
Check: Rd files
Result: NOTE
checkRd: (-1) IvesGodfray.Rd:12: Lost braces in \itemize; meant \describe ?
checkRd: (-1) IvesGodfray.Rd:13: Lost braces in \itemize; meant \describe ?
checkRd: (-1) IvesGodfray.Rd:14: Lost braces in \itemize; meant \describe ?
checkRd: (-1) Kcalc.Rd:13: Escaped LaTeX specials: \$
checkRd: (-1) phylocom.Rd:12: Lost braces in \itemize; meant \describe ?
checkRd: (-1) phylocom.Rd:13: Lost braces in \itemize; meant \describe ?
checkRd: (-1) phylocom.Rd:14: Lost braces in \itemize; meant \describe ?
checkRd: (-1) phylosignal.Rd:13: Escaped LaTeX specials: \$
checkRd: (-1) sample2matrix.Rd:15: Lost braces in \itemize; meant \describe ?
checkRd: (-1) sample2matrix.Rd:16: Lost braces in \itemize; meant \describe ?
checkRd: (-1) sample2matrix.Rd:17: Lost braces in \itemize; meant \describe ?
checkRd: (-1) traitgram.Rd:14: Escaped LaTeX specials: \$
checkRd: (-1) utility.Rd:37: Escaped LaTeX specials: \$ \$
Flavors: r-devel-linux-x86_64-debian-clang, r-devel-linux-x86_64-debian-gcc, r-devel-linux-x86_64-fedora-clang, r-devel-linux-x86_64-fedora-gcc, r-prerel-macos-arm64, r-prerel-windows-x86_64, r-patched-linux-x86_64
Version: 1.8.2
Check: Rd files
Result: NOTE
checkRd: (-1) Kcalc.Rd:13: Escaped LaTeX specials: \$
checkRd: (-1) phylosignal.Rd:13: Escaped LaTeX specials: \$
checkRd: (-1) traitgram.Rd:14: Escaped LaTeX specials: \$
checkRd: (-1) utility.Rd:37: Escaped LaTeX specials: \$ \$
Flavors: r-release-linux-x86_64, r-release-macos-arm64, r-release-macos-x86_64, r-release-windows-x86_64