Last updated on 2024-04-26 07:51:55 CEST.
Flavor | Version | Tinstall | Tcheck | Ttotal | Status | Flags |
---|---|---|---|---|---|---|
r-devel-linux-x86_64-debian-clang | 0.1.4 | 5.30 | 41.65 | 46.95 | NOTE | |
r-devel-linux-x86_64-debian-gcc | 0.1.4 | 4.32 | 31.17 | 35.49 | NOTE | |
r-devel-linux-x86_64-fedora-clang | 0.1.4 | 60.91 | NOTE | |||
r-devel-linux-x86_64-fedora-gcc | 0.1.4 | 56.26 | NOTE | |||
r-devel-windows-x86_64 | 0.1.4 | 6.00 | 52.00 | 58.00 | OK | |
r-patched-linux-x86_64 | 0.1.4 | 4.61 | 38.64 | 43.25 | NOTE | |
r-release-linux-x86_64 | 0.1.4 | 4.41 | 39.20 | 43.61 | NOTE | |
r-release-macos-arm64 | 0.1.4 | 22.00 | NOTE | |||
r-release-windows-x86_64 | 0.1.4 | 5.00 | 49.00 | 54.00 | OK | |
r-oldrel-macos-arm64 | 0.1.4 | 23.00 | OK | |||
r-oldrel-macos-x86_64 | 0.1.4 | 31.00 | OK | |||
r-oldrel-windows-x86_64 | 0.1.4 | 7.00 | 52.00 | 59.00 | NOTE |
Version: 0.1.4
Check: package dependencies
Result: NOTE
Package suggested but not available for checking: ‘pinnacle.API’
Flavors: r-devel-linux-x86_64-debian-clang, r-devel-linux-x86_64-debian-gcc, r-devel-linux-x86_64-fedora-clang, r-devel-linux-x86_64-fedora-gcc, r-patched-linux-x86_64, r-release-linux-x86_64, r-release-macos-arm64, r-oldrel-windows-x86_64