Last updated on 2024-03-28 17:49:37 CET.
Flavor | Version | Tinstall | Tcheck | Ttotal | Status | Flags |
---|---|---|---|---|---|---|
r-devel-linux-x86_64-debian-clang | 0.4 | 6.85 | 38.73 | 45.58 | NOTE | |
r-devel-linux-x86_64-debian-gcc | 0.4 | 5.05 | 29.03 | 34.08 | NOTE | |
r-devel-linux-x86_64-fedora-clang | 0.4 | 56.22 | NOTE | |||
r-devel-linux-x86_64-fedora-gcc | 0.4 | 55.94 | NOTE | |||
r-devel-windows-x86_64 | 0.4 | 5.00 | 48.00 | 53.00 | NOTE | |
r-patched-linux-x86_64 | 0.4 | 5.06 | 38.55 | 43.61 | NOTE | |
r-release-linux-x86_64 | 0.4 | 5.22 | 38.63 | 43.85 | OK | |
r-release-macos-arm64 | 0.4 | 19.00 | OK | |||
r-release-macos-x86_64 | 0.4 | 29.00 | OK | |||
r-release-windows-x86_64 | 0.4 | 6.00 | 53.00 | 59.00 | OK | |
r-oldrel-macos-arm64 | 0.4 | 20.00 | OK | |||
r-oldrel-windows-x86_64 | 0.4 | 9.00 | 63.00 | 72.00 | OK |
Version: 0.4
Check: Rd metadata
Result: NOTE
Invalid package aliases in Rd file 'pipegs.Rd':
‘pipegs-package’
Flavors: r-devel-linux-x86_64-debian-clang, r-devel-linux-x86_64-debian-gcc, r-devel-linux-x86_64-fedora-clang, r-devel-linux-x86_64-fedora-gcc, r-devel-windows-x86_64, r-patched-linux-x86_64