Last updated on 2024-04-18 18:57:53 CEST.
Flavor | Version | Tinstall | Tcheck | Ttotal | Status | Flags |
---|---|---|---|---|---|---|
r-devel-linux-x86_64-debian-clang | 0.9.4 | 8.16 | 114.26 | 122.42 | NOTE | |
r-devel-linux-x86_64-debian-gcc | 0.9.4 | 6.81 | 82.68 | 89.49 | NOTE | |
r-devel-linux-x86_64-fedora-clang | 0.9.4 | 150.50 | NOTE | |||
r-devel-linux-x86_64-fedora-gcc | 0.9.4 | 155.14 | NOTE | |||
r-prerel-macos-arm64 | 0.9.4 | 45.00 | NOTE | |||
r-prerel-windows-x86_64 | 0.9.4 | 8.00 | 105.00 | 113.00 | NOTE | |
r-patched-linux-x86_64 | 0.9.4 | 6.10 | 108.59 | 114.69 | NOTE | |
r-release-linux-x86_64 | 0.9.4 | 5.34 | 107.39 | 112.73 | OK | |
r-release-macos-arm64 | 0.9.4 | 50.00 | OK | |||
r-release-macos-x86_64 | 0.9.4 | 117.00 | OK | |||
r-release-windows-x86_64 | 0.9.4 | 10.00 | 122.00 | 132.00 | OK | |
r-oldrel-macos-arm64 | 0.9.4 | 46.00 | OK | |||
r-oldrel-windows-x86_64 | 0.9.4 | 11.00 | 112.00 | 123.00 | OK |
Version: 0.9.4
Check: Rd files
Result: NOTE
checkRd: (-1) sprinkle_colnames.Rd:26-28: Lost braces in \itemize; meant \describe ?
checkRd: (-1) sprinkle_colnames.Rd:29-31: Lost braces in \itemize; meant \describe ?
checkRd: (-1) tidy_levels_labels.Rd:62: Lost braces in \itemize; meant \describe ?
checkRd: (-1) tidy_levels_labels.Rd:63-68: Lost braces in \itemize; meant \describe ?
checkRd: (-1) tidy_levels_labels.Rd:69-73: Lost braces in \itemize; meant \describe ?
checkRd: (-1) tidy_levels_labels.Rd:74-77: Lost braces in \itemize; meant \describe ?
checkRd: (-1) tidy_levels_labels.Rd:78-83: Lost braces in \itemize; meant \describe ?
Flavors: r-devel-linux-x86_64-debian-clang, r-devel-linux-x86_64-debian-gcc, r-devel-linux-x86_64-fedora-clang, r-devel-linux-x86_64-fedora-gcc, r-prerel-macos-arm64, r-prerel-windows-x86_64, r-patched-linux-x86_64
Version: 0.9.4
Check: Rd cross-references
Result: NOTE
Undeclared package ‘Hmisc’ in Rd xrefs
Flavor: r-devel-linux-x86_64-fedora-clang