Last updated on 2024-05-07 06:56:01 CEST.
Flavor | Version | Tinstall | Tcheck | Ttotal | Status | Flags |
---|---|---|---|---|---|---|
r-devel-linux-x86_64-debian-clang | 1.0.4 | 7.97 | 188.32 | 196.29 | NOTE | |
r-devel-linux-x86_64-debian-gcc | 1.0.4 | 5.40 | 129.77 | 135.17 | NOTE | |
r-devel-linux-x86_64-fedora-clang | 1.0.4 | 233.64 | NOTE | |||
r-devel-linux-x86_64-fedora-gcc | 1.0.4 | 270.73 | NOTE | |||
r-devel-windows-x86_64 | 1.0.4 | 8.00 | 139.00 | 147.00 | NOTE | |
r-patched-linux-x86_64 | 1.0.4 | 7.36 | 176.18 | 183.54 | NOTE | |
r-release-linux-x86_64 | 1.0.4 | 4.18 | 176.16 | 180.34 | NOTE | |
r-release-macos-arm64 | 1.0.4 | 63.00 | NOTE | |||
r-release-windows-x86_64 | 1.0.4 | 7.00 | 136.00 | 143.00 | NOTE | |
r-oldrel-macos-arm64 | 1.0.4 | 64.00 | NOTE | |||
r-oldrel-macos-x86_64 | 1.0.4 | 107.00 | NOTE | |||
r-oldrel-windows-x86_64 | 1.0.4 | 10.00 | 166.00 | 176.00 | NOTE |
Version: 1.0.4
Check: LazyData
Result: NOTE
'LazyData' is specified without a 'data' directory
Flavors: r-devel-linux-x86_64-debian-clang, r-devel-linux-x86_64-debian-gcc, r-devel-linux-x86_64-fedora-clang, r-devel-linux-x86_64-fedora-gcc, r-devel-windows-x86_64, r-patched-linux-x86_64, r-release-linux-x86_64, r-release-macos-arm64, r-release-windows-x86_64, r-oldrel-macos-arm64, r-oldrel-macos-x86_64, r-oldrel-windows-x86_64