Last updated on 2024-04-23 06:57:08 CEST.
Flavor | Version | Tinstall | Tcheck | Ttotal | Status | Flags |
---|---|---|---|---|---|---|
r-devel-linux-x86_64-debian-clang | 1.1-12 | 10.47 | 37.11 | 47.58 | OK | |
r-devel-linux-x86_64-debian-gcc | 1.1-12 | 6.41 | 27.78 | 34.19 | OK | |
r-devel-linux-x86_64-fedora-clang | 1.1-12 | 58.19 | OK | |||
r-devel-linux-x86_64-fedora-gcc | 1.1-12 | 55.68 | OK | |||
r-prerel-macos-arm64 | 1.1-12 | 22.00 | OK | |||
r-prerel-windows-x86_64 | 1.1-12 | 11.00 | 51.00 | 62.00 | OK | |
r-patched-linux-x86_64 | 1.1-12 | 9.72 | 35.36 | 45.08 | OK | |
r-release-linux-x86_64 | 1.1-12 | 9.13 | 35.20 | 44.33 | OK | |
r-release-macos-arm64 | 1.1-12 | 23.00 | OK | |||
r-release-macos-x86_64 | 1.1-12 | 31.00 | NOTE | |||
r-release-windows-x86_64 | 1.1-12 | 14.00 | 56.00 | 70.00 | OK | |
r-oldrel-macos-arm64 | 1.1-12 | 22.00 | OK | |||
r-oldrel-windows-x86_64 | 1.1-12 | 12.00 | 57.00 | 69.00 | OK |
Version: 1.1-12
Check: package dependencies
Result: NOTE
Package suggested but not available for checking: ‘ellipse’
Flavor: r-release-macos-x86_64